000
CDUS41 KCLE 260541
CLIERI


CLIMATE REPORT
NATIONAL WEATHER SERVICE CLEVELAND OH
140 AM EDT SAT MAY 26 2018


...................................

...THE ERIE PA CLIMATE SUMMARY FOR MAY 25 2018...

CLIMATE NORMAL PERIOD 1981 TO 2010
CLIMATE RECORD PERIOD 1873 TO 2018


WEATHER ITEM   OBSERVED TIME   RECORD YEAR NORMAL DEPARTURE LAST
                VALUE   (LST)  VALUE       VALUE  FROM      YEAR
                                                  NORMAL
..................................................................
TEMPERATURE (F)
 YESTERDAY
  MAXIMUM         80    409 PM  89    1975  69     11       62
  MINIMUM         59    528 AM  31    1956  51      8       56
  AVERAGE         70                        60     10       59

PRECIPITATION (IN)
  YESTERDAY        0.00                      0.12  -0.12     0.76
  MONTH TO DATE    4.83                      2.76   2.07     4.44
  SINCE MAR 1     13.09                      9.04   4.05    11.91
  SINCE JAN 1     19.51                     14.38   5.13    19.33

SNOWFALL (IN)
  YESTERDAY        0.0                       0.0    0.0      0.0
  MONTH TO DATE    0.0                       0.0    0.0      0.0
  SINCE MAR 1     42.0                      16.9   25.1     10.3
  SINCE JUL 1    198.5                     100.9   97.6     78.6
  SNOW DEPTH       0

DEGREE DAYS
 HEATING
  YESTERDAY        0                         6     -6        6
  MONTH TO DATE  103                       235   -132      260
  SINCE MAR 1   1826                      1689    137     1536
  SINCE JUL 1   6004                      6054    -50     5040

 COOLING
  YESTERDAY        5                         2      3        0
  MONTH TO DATE   27                        21      6       29
  SINCE MAR 1     27                        28     -1       38
  SINCE JAN 1     29                        28      1       38
..................................................................


WIND (MPH)
  HIGHEST WIND SPEED    13   HIGHEST WIND DIRECTION     W (280)
  HIGHEST GUST SPEED    18   HIGHEST GUST DIRECTION     W (270)
  AVERAGE WIND SPEED     6.3


SKY COVER
  POSSIBLE SUNSHINE  MM
  AVERAGE SKY COVER 0.0


WEATHER CONDITIONS
 THE FOLLOWING WEATHER WAS RECORDED YESTERDAY.
  NO SIGNIFICANT WEATHER WAS OBSERVED.


RELATIVE HUMIDITY (PERCENT)
 HIGHEST    63          1100 PM
 LOWEST     33           400 PM
 AVERAGE    48

..........................................................


THE ERIE PA CLIMATE NORMALS FOR TODAY
                         NORMAL    RECORD    YEAR
 MAXIMUM TEMPERATURE (F)   70        90      1944
 MINIMUM TEMPERATURE (F)   52        34      1969


SUNRISE AND SUNSET
MAY 26 2018...........SUNRISE   551 AM EDT   SUNSET   845 PM EDT
MAY 27 2018...........SUNRISE   550 AM EDT   SUNSET   846 PM EDT


-  INDICATES NEGATIVE NUMBERS.
R  INDICATES RECORD WAS SET OR TIED.
MM INDICATES DATA IS MISSING.
T  INDICATES TRACE AMOUNT.




$$
