000
CDUS41 KCLE 210537
CLIERI


CLIMATE REPORT
NATIONAL WEATHER SERVICE CLEVELAND OH
126 AM EDT MON MAY 21 2018


...................................

...THE ERIE PA CLIMATE SUMMARY FOR MAY 20 2018...

CLIMATE NORMAL PERIOD 1981 TO 2010
CLIMATE RECORD PERIOD 1873 TO 2018


WEATHER ITEM   OBSERVED TIME   RECORD YEAR NORMAL DEPARTURE LAST
                VALUE   (LST)  VALUE       VALUE  FROM      YEAR
                                                  NORMAL
..................................................................
TEMPERATURE (F)
 YESTERDAY
  MAXIMUM         69   1251 AM  88    2013  68      1       65
                                      1962
  MINIMUM         52   1159 PM  30    2002  50      2       51
  AVERAGE         61                        59      2       58

PRECIPITATION (IN)
  YESTERDAY        0.01                      0.12  -0.11     0.00
  MONTH TO DATE    4.50                      2.18   2.32     3.21
  SINCE MAR 1     12.76                      8.46   4.30    10.68
  SINCE JAN 1     19.18                     13.80   5.38    18.10

SNOWFALL (IN)
  YESTERDAY        0.0                       0.0    0.0      0.0
  MONTH TO DATE    0.0                       0.0    0.0      0.0
  SINCE MAR 1     42.0                      16.9   25.1     10.3
  SINCE JUL 1    198.5                     100.9   97.6     78.6
  SNOW DEPTH       0

DEGREE DAYS
 HEATING
  YESTERDAY        4                         7     -3        7
  MONTH TO DATE   91                       202   -111      247
  SINCE MAR 1   1814                      1656    158     1523
  SINCE JUL 1   5992                      6021    -29     5027

 COOLING
  YESTERDAY        0                         1     -1        0
  MONTH TO DATE   21                        15      6       27
  SINCE MAR 1     21                        22     -1       36
  SINCE JAN 1     23                        22      1       36
..................................................................


WIND (MPH)
  HIGHEST WIND SPEED    21   HIGHEST WIND DIRECTION     W (250)
  HIGHEST GUST SPEED    30   HIGHEST GUST DIRECTION     W (260)
  AVERAGE WIND SPEED     6.4


SKY COVER
  POSSIBLE SUNSHINE  MM
  AVERAGE SKY COVER 0.7


WEATHER CONDITIONS
 THE FOLLOWING WEATHER WAS RECORDED YESTERDAY.
  LIGHT RAIN
  FOG
  FOG W/VISIBILITY <= 1/4 MILE


RELATIVE HUMIDITY (PERCENT)
 HIGHEST    93           300 AM
 LOWEST     72           400 PM
 AVERAGE    83

..........................................................


THE ERIE PA CLIMATE NORMALS FOR TODAY
                         NORMAL    RECORD    YEAR
 MAXIMUM TEMPERATURE (F)   68        88      1911
 MINIMUM TEMPERATURE (F)   50        32      1954


SUNRISE AND SUNSET
MAY 21 2018...........SUNRISE   555 AM EDT   SUNSET   841 PM EDT
MAY 22 2018...........SUNRISE   554 AM EDT   SUNSET   842 PM EDT


-  INDICATES NEGATIVE NUMBERS.
R  INDICATES RECORD WAS SET OR TIED.
MM INDICATES DATA IS MISSING.
T  INDICATES TRACE AMOUNT.




$$
