981
CDUS41 KCLE 190614
CLIERI


CLIMATE REPORT
NATIONAL WEATHER SERVICE CLEVELAND OH
213 AM EDT THU APR 19 2018


...................................

...THE ERIE PA CLIMATE SUMMARY FOR APRIL 18 2018...

CLIMATE NORMAL PERIOD 1981 TO 2010
CLIMATE RECORD PERIOD 1873 TO 2018


WEATHER ITEM   OBSERVED TIME   RECORD YEAR NORMAL DEPARTURE LAST
                VALUE   (LST)  VALUE       VALUE  FROM      YEAR
                                                  NORMAL
..................................................................
TEMPERATURE (F)
 YESTERDAY
  MAXIMUM         37    549 PM  85    2013  57    -20       59
  MINIMUM         34   1156 PM  14    1875  39     -5       38
  AVERAGE         36                        48    -12       49

PRECIPITATION (IN)
  YESTERDAY        0.02                      0.11  -0.09     0.00
  MONTH TO DATE    2.57                      2.08   0.49     1.48
  SINCE MAR 1      7.78                      5.03   2.75     5.57
  SINCE JAN 1     14.20                     10.37   3.83    12.99

SNOWFALL (IN)
  YESTERDAY        0.0                       0.0    0.0      0.0
  MONTH TO DATE    6.0                       2.9    3.1      0.5
  SINCE MAR 1     42.0                      16.6   25.4     10.3
  SINCE JUL 1    198.5                     100.6   97.9     78.6
  SNOW DEPTH       2

DEGREE DAYS
 HEATING
  YESTERDAY       29                        17     12       16
  MONTH TO DATE  469                       364    105      257
  SINCE MAR 1   1492                      1275    217     1153
  SINCE JUL 1   5670                      5640     30     4657

 COOLING
  YESTERDAY        0                         0      0        0
  MONTH TO DATE    0                         0      0        4
  SINCE MAR 1      0                         1     -1        4
  SINCE JAN 1      2                         1      1        4
..................................................................


WIND (MPH)
  HIGHEST WIND SPEED    15   HIGHEST WIND DIRECTION     W (270)
  HIGHEST GUST SPEED    21   HIGHEST GUST DIRECTION     W (280)
  AVERAGE WIND SPEED     8.2


SKY COVER
  POSSIBLE SUNSHINE  MM
  AVERAGE SKY COVER 0.9


WEATHER CONDITIONS
 THE FOLLOWING WEATHER WAS RECORDED YESTERDAY.
  LIGHT RAIN


RELATIVE HUMIDITY (PERCENT)
 HIGHEST    82          1000 PM
 LOWEST     64           200 AM
 AVERAGE    73

..........................................................


THE ERIE PA CLIMATE NORMALS FOR TODAY
                         NORMAL    RECORD    YEAR
 MAXIMUM TEMPERATURE (F)   58        84      2008
 MINIMUM TEMPERATURE (F)   39        23      1904
                                             1897
                                             1875


SUNRISE AND SUNSET
APRIL 19 2018.........SUNRISE   634 AM EDT   SUNSET   806 PM EDT
APRIL 20 2018.........SUNRISE   632 AM EDT   SUNSET   808 PM EDT


-  INDICATES NEGATIVE NUMBERS.
R  INDICATES RECORD WAS SET OR TIED.
MM INDICATES DATA IS MISSING.
T  INDICATES TRACE AMOUNT.




$$
