000
CDUS41 KCLE 140545
CLIERI


CLIMATE REPORT
NATIONAL WEATHER SERVICE CLEVELAND OH
145 AM EDT MON MAY 14 2018


...................................

...THE ERIE PA CLIMATE SUMMARY FOR MAY 13 2018...

CLIMATE NORMAL PERIOD 1981 TO 2010
CLIMATE RECORD PERIOD 1873 TO 2018


WEATHER ITEM   OBSERVED TIME   RECORD YEAR NORMAL DEPARTURE LAST
                VALUE   (LST)  VALUE       VALUE  FROM      YEAR
                                                  NORMAL
..................................................................
TEMPERATURE (F)
 YESTERDAY
  MAXIMUM         62    639 PM  88    2014  66     -4       63
  MINIMUM         43    251 AM  32    1967  47     -4       50
                                      1895
  AVERAGE         53                        56     -3       57

PRECIPITATION (IN)
  YESTERDAY        0.04                      0.11  -0.07     0.04
  MONTH TO DATE    2.75                      1.40   1.35     3.10
  SINCE MAR 1     11.01                      7.68   3.33    10.57
  SINCE JAN 1     17.43                     13.02   4.41    17.99

SNOWFALL (IN)
  YESTERDAY       MM                         0.0   MM        0.0
  MONTH TO DATE    0.0                       0.0    0.0      0.0
  SINCE MAR 1     42.0                      16.9   25.1     10.3
  SINCE JUL 1    198.5                     100.9   97.6     78.6
  SNOW DEPTH       0

DEGREE DAYS
 HEATING
  YESTERDAY       12                         9      3        8
  MONTH TO DATE   76                       144    -68      206
  SINCE MAR 1   1799                      1598    201     1482
  SINCE JUL 1   5977                      5963     14     4986

 COOLING
  YESTERDAY        0                         1     -1        0
  MONTH TO DATE   16                         8      8        0
  SINCE MAR 1     16                        15      1        9
  SINCE JAN 1     18                        15      3        9
..................................................................


WIND (MPH)
  HIGHEST WIND SPEED     9   HIGHEST WIND DIRECTION     E (70)
  HIGHEST GUST SPEED    11   HIGHEST GUST DIRECTION     E (70)
  AVERAGE WIND SPEED     2.3


SKY COVER
  POSSIBLE SUNSHINE  MM
  AVERAGE SKY COVER 0.9


WEATHER CONDITIONS
 THE FOLLOWING WEATHER WAS RECORDED YESTERDAY.
  LIGHT RAIN
  FOG
  FOG W/VISIBILITY <= 1/4 MILE
  HAZE


RELATIVE HUMIDITY (PERCENT)
 HIGHEST    96           300 AM
 LOWEST     77          1200 PM
 AVERAGE    87

..........................................................


THE ERIE PA CLIMATE NORMALS FOR TODAY
                         NORMAL    RECORD    YEAR
 MAXIMUM TEMPERATURE (F)   66        87      1962
 MINIMUM TEMPERATURE (F)   48        34      2013


SUNRISE AND SUNSET
MAY 14 2018...........SUNRISE   601 AM EDT   SUNSET   834 PM EDT
MAY 15 2018...........SUNRISE   600 AM EDT   SUNSET   835 PM EDT


-  INDICATES NEGATIVE NUMBERS.
R  INDICATES RECORD WAS SET OR TIED.
MM INDICATES DATA IS MISSING.
T  INDICATES TRACE AMOUNT.




$$
