000
CDUS41 KCLE 262118
CLIERI


CLIMATE REPORT
NATIONAL WEATHER SERVICE CLEVELAND OH
518 PM EDT THU APR 26 2018


...................................

...THE ERIE PA CLIMATE SUMMARY FOR APRIL 26 2018...
VALID TODAY AS OF 0500 PM LOCAL TIME.

CLIMATE NORMAL PERIOD 1981 TO 2010
CLIMATE RECORD PERIOD 1873 TO 2018


WEATHER ITEM   OBSERVED TIME   RECORD YEAR NORMAL DEPARTURE LAST
                VALUE   (LST)  VALUE       VALUE  FROM      YEAR
                                                  NORMAL
..................................................................
TEMPERATURE (F)
 TODAY
  MAXIMUM         51    122 PM  83    1994  60     -9       78
  MINIMUM         39    314 AM  26    1972  42     -3       56
  AVERAGE         45                        51     -6       67

PRECIPITATION (IN)
  TODAY            0.00                      0.11  -0.11     0.00
  MONTH TO DATE    2.96                      2.92   0.04     2.99
  SINCE MAR 1      8.17                      5.87   2.30     7.08
  SINCE JAN 1     14.59                     11.21   3.38    14.50

SNOWFALL (IN)
  TODAY            0.0                       0.0    0.0      0.0
  MONTH TO DATE    6.0                       3.2    2.8      0.5
  SINCE MAR 1     42.0                      16.9   25.1     10.3
  SINCE JUL 1    198.5                     100.9   97.6     78.6
  SNOW DEPTH       0

DEGREE DAYS
 HEATING
  TODAY           20                        14      6        0
  MONTH TO DATE  620                       488    132      343
  SINCE MAR 1   1643                      1399    244     1239
  SINCE JUL 1   5821                      5764     57     4743

 COOLING
  TODAY            0                         0      0        2
  MONTH TO DATE    0                         0      0        6
  SINCE MAR 1      0                         1     -1        6
  SINCE JAN 1      2                         1      1        6
..................................................................


WIND (MPH)
  HIGHEST WIND SPEED    16   HIGHEST WIND DIRECTION     W (280)
  HIGHEST GUST SPEED    20   HIGHEST GUST DIRECTION     W (250)


SKY COVER
  POSSIBLE SUNSHINE  MM
  AVERAGE SKY COVER 0.5


WEATHER CONDITIONS
 THE FOLLOWING WEATHER WAS RECORDED TODAY.
  NO SIGNIFICANT WEATHER WAS OBSERVED.


RELATIVE HUMIDITY (PERCENT)
 HIGHEST    79          1200 AM
 LOWEST     50           100 PM
 AVERAGE    65

..........................................................


THE ERIE PA CLIMATE NORMALS FOR TOMORROW
                         NORMAL    RECORD    YEAR
 MAXIMUM TEMPERATURE (F)   61        86      2009
 MINIMUM TEMPERATURE (F)   42        26      1972


SUNRISE AND SUNSET
APRIL 26 2018.........SUNRISE   623 AM EDT   SUNSET   814 PM EDT
APRIL 27 2018.........SUNRISE   622 AM EDT   SUNSET   815 PM EDT


-  INDICATES NEGATIVE NUMBERS.
R  INDICATES RECORD WAS SET OR TIED.
MM INDICATES DATA IS MISSING.
T  INDICATES TRACE AMOUNT.




$$
