953
CDUS41 KCLE 250723
CLIERI


CLIMATE REPORT
NATIONAL WEATHER SERVICE CLEVELAND OH
322 AM EDT WED APR 25 2018


...................................

...THE ERIE PA CLIMATE SUMMARY FOR APRIL 24 2018...

CLIMATE NORMAL PERIOD 1981 TO 2010
CLIMATE RECORD PERIOD 1873 TO 2018


WEATHER ITEM   OBSERVED TIME   RECORD YEAR NORMAL DEPARTURE LAST
                VALUE   (LST)  VALUE       VALUE  FROM      YEAR
                                                  NORMAL
..................................................................
TEMPERATURE (F)
 YESTERDAY
  MAXIMUM         63   1123 AM  85    1958  60      3       60
  MINIMUM         52   1159 PM  28    2014  41     11       36
                                      2003
                                      1980
  AVERAGE         58                        50      8       48

PRECIPITATION (IN)
  YESTERDAY        0.12                      0.10   0.02     0.00
  MONTH TO DATE    2.70                      2.71  -0.01     2.94
  SINCE MAR 1      7.91                      5.66   2.25     7.03
  SINCE JAN 1     14.33                     11.00   3.33    14.45

SNOWFALL (IN)
  YESTERDAY        0.0                       0.0    0.0      0.0
  MONTH TO DATE    6.0                       3.1    2.9      0.5
  SINCE MAR 1     42.0                      16.8   25.2     10.3
  SINCE JUL 1    198.5                     100.8   97.7     78.6
  SNOW DEPTH       0

DEGREE DAYS
 HEATING
  YESTERDAY        7                        15     -8       17
  MONTH TO DATE  582                       459    123      340
  SINCE MAR 1   1605                      1370    235     1236
  SINCE JUL 1   5783                      5735     48     4740

 COOLING
  YESTERDAY        0                         0      0        0
  MONTH TO DATE    0                         0      0        4
  SINCE MAR 1      0                         1     -1        4
  SINCE JAN 1      2                         1      1        4
..................................................................


WIND (MPH)
  HIGHEST WIND SPEED    24   HIGHEST WIND DIRECTION     S (170)
  HIGHEST GUST SPEED    32   HIGHEST GUST DIRECTION    SE (140)
  AVERAGE WIND SPEED    10.1


SKY COVER
  POSSIBLE SUNSHINE  MM
  AVERAGE SKY COVER 0.9


WEATHER CONDITIONS
 THE FOLLOWING WEATHER WAS RECORDED YESTERDAY.
  LIGHT RAIN
  FOG


RELATIVE HUMIDITY (PERCENT)
 HIGHEST    83           300 PM
 LOWEST     46          1200 AM
 AVERAGE    65

..........................................................


THE ERIE PA CLIMATE NORMALS FOR TODAY
                         NORMAL    RECORD    YEAR
 MAXIMUM TEMPERATURE (F)   60        86      2009
 MINIMUM TEMPERATURE (F)   41        23      1892


SUNRISE AND SUNSET
APRIL 25 2018.........SUNRISE   625 AM EDT   SUNSET   813 PM EDT
APRIL 26 2018.........SUNRISE   623 AM EDT   SUNSET   814 PM EDT


-  INDICATES NEGATIVE NUMBERS.
R  INDICATES RECORD WAS SET OR TIED.
MM INDICATES DATA IS MISSING.
T  INDICATES TRACE AMOUNT.




$$
