000
CDUS41 KCLE 200610
CLIERI


CLIMATE REPORT
NATIONAL WEATHER SERVICE CLEVELAND OH
209 AM EDT FRI APR 20 2018


...................................

...THE ERIE PA CLIMATE SUMMARY FOR APRIL 19 2018...

CLIMATE NORMAL PERIOD 1981 TO 2010
CLIMATE RECORD PERIOD 1873 TO 2018


WEATHER ITEM   OBSERVED TIME   RECORD YEAR NORMAL DEPARTURE LAST
                VALUE   (LST)  VALUE       VALUE  FROM      YEAR
                                                  NORMAL
..................................................................
TEMPERATURE (F)
 YESTERDAY
  MAXIMUM         39    248 PM  84    2008  58    -19       72
  MINIMUM         33    349 AM  23    1904  39     -6       52
                                      1897
                                      1875
  AVERAGE         36                        48    -12       62

PRECIPITATION (IN)
  YESTERDAY        0.01                      0.11  -0.10     0.45
  MONTH TO DATE    2.58                      2.19   0.39     1.93
  SINCE MAR 1      7.79                      5.14   2.65     6.02
  SINCE JAN 1     14.21                     10.48   3.73    13.44

SNOWFALL (IN)
  YESTERDAY        T                         0.1   -0.1      0.0
  MONTH TO DATE    6.0                       3.0    3.0      0.5
  SINCE MAR 1     42.0                      16.7   25.3     10.3
  SINCE JUL 1    198.5                     100.7   97.8     78.6
  SNOW DEPTH       T

DEGREE DAYS
 HEATING
  YESTERDAY       29                        17     12        3
  MONTH TO DATE  498                       381    117      260
  SINCE MAR 1   1521                      1292    229     1156
  SINCE JUL 1   5699                      5657     42     4660

 COOLING
  YESTERDAY        0                         0      0        0
  MONTH TO DATE    0                         0      0        4
  SINCE MAR 1      0                         1     -1        4
  SINCE JAN 1      2                         1      1        4
..................................................................


WIND (MPH)
  HIGHEST WIND SPEED    22   HIGHEST WIND DIRECTION     W (290)
  HIGHEST GUST SPEED    34   HIGHEST GUST DIRECTION     W (270)
  AVERAGE WIND SPEED    11.2


SKY COVER
  POSSIBLE SUNSHINE  MM
  AVERAGE SKY COVER 0.8


WEATHER CONDITIONS
 THE FOLLOWING WEATHER WAS RECORDED YESTERDAY.
  LIGHT SNOW
  FOG
  HAZE


RELATIVE HUMIDITY (PERCENT)
 HIGHEST    89           100 AM
 LOWEST     64           700 AM
 AVERAGE    77

..........................................................


THE ERIE PA CLIMATE NORMALS FOR TODAY
                         NORMAL    RECORD    YEAR
 MAXIMUM TEMPERATURE (F)   58        82      1992
                                             1941
 MINIMUM TEMPERATURE (F)   40        23      1904


SUNRISE AND SUNSET
APRIL 20 2018.........SUNRISE   632 AM EDT   SUNSET   808 PM EDT
APRIL 21 2018.........SUNRISE   631 AM EDT   SUNSET   809 PM EDT


-  INDICATES NEGATIVE NUMBERS.
R  INDICATES RECORD WAS SET OR TIED.
MM INDICATES DATA IS MISSING.
T  INDICATES TRACE AMOUNT.




$$
