390
CDUS41 KCLE 180529
CLIERI


CLIMATE REPORT
NATIONAL WEATHER SERVICE CLEVELAND OH
127 AM EDT WED APR 18 2018


...................................

...THE ERIE PA CLIMATE SUMMARY FOR APRIL 17 2018...

CLIMATE NORMAL PERIOD 1981 TO 2010
CLIMATE RECORD PERIOD 1873 TO 2018


WEATHER ITEM   OBSERVED TIME   RECORD YEAR NORMAL DEPARTURE LAST
                VALUE   (LST)  VALUE       VALUE  FROM      YEAR
                                                  NORMAL
..................................................................
TEMPERATURE (F)
 YESTERDAY
  MAXIMUM         36   1159 PM  82    2002  57    -21       59
  MINIMUM         31   1203 PM  15    1875  39     -8       44
  AVERAGE         34                        48    -14       52

PRECIPITATION (IN)
  YESTERDAY        0.46                      0.11   0.35      T
  MONTH TO DATE    2.55                      1.97   0.58     1.48
  SINCE MAR 1      7.76                      4.92   2.84     5.57
  SINCE JAN 1     14.18                     10.26   3.92    12.99

SNOWFALL (IN)
  YESTERDAY        4.6                       0.1    4.5      0.0
  MONTH TO DATE    6.0                       2.9    3.1      0.5
  SINCE MAR 1     42.0                      16.6   25.4     10.3
  SINCE JUL 1    198.5                     100.6   97.9     78.6
  SNOW DEPTH       1

DEGREE DAYS
 HEATING
  YESTERDAY       31                        17     14       13
  MONTH TO DATE  440                       347     93      241
  SINCE MAR 1   1463                      1258    205     1137
  SINCE JUL 1   5641                      5623     18     4641

 COOLING
  YESTERDAY        0                         0      0        0
  MONTH TO DATE    0                         0      0        4
  SINCE MAR 1      0                         1     -1        4
  SINCE JAN 1      2                         1      1        4
..................................................................


WIND (MPH)
  HIGHEST WIND SPEED    26   HIGHEST WIND DIRECTION     W (270)
  HIGHEST GUST SPEED    35   HIGHEST GUST DIRECTION     W (260)
  AVERAGE WIND SPEED    13.8


SKY COVER
  POSSIBLE SUNSHINE  MM
  AVERAGE SKY COVER 1.0


WEATHER CONDITIONS
 THE FOLLOWING WEATHER WAS RECORDED YESTERDAY.
  SNOW
  LIGHT SNOW
  FOG
  FOG W/VISIBILITY <= 1/4 MILE
  HAZE


RELATIVE HUMIDITY (PERCENT)
 HIGHEST    92           900 AM
 LOWEST     64           200 PM
 AVERAGE    78

..........................................................


THE ERIE PA CLIMATE NORMALS FOR TODAY
                         NORMAL    RECORD    YEAR
 MAXIMUM TEMPERATURE (F)   57        85      2013
 MINIMUM TEMPERATURE (F)   39        14      1875


SUNRISE AND SUNSET
APRIL 18 2018.........SUNRISE   635 AM EDT   SUNSET   805 PM EDT
APRIL 19 2018.........SUNRISE   634 AM EDT   SUNSET   806 PM EDT


-  INDICATES NEGATIVE NUMBERS.
R  INDICATES RECORD WAS SET OR TIED.
MM INDICATES DATA IS MISSING.
T  INDICATES TRACE AMOUNT.




$$
