000
CDUS41 KCLE 230545
CLIERI


CLIMATE REPORT
NATIONAL WEATHER SERVICE CLEVELAND OH
145 AM EDT MON APR 23 2018


...................................

...THE ERIE PA CLIMATE SUMMARY FOR APRIL 22 2018...

CLIMATE NORMAL PERIOD 1981 TO 2010
CLIMATE RECORD PERIOD 1873 TO 2018


WEATHER ITEM   OBSERVED TIME   RECORD YEAR NORMAL DEPARTURE LAST
                VALUE   (LST)  VALUE       VALUE  FROM      YEAR
                                                  NORMAL
..................................................................
TEMPERATURE (F)
 YESTERDAY
  MAXIMUM         58    445 PM  85    1902  59     -1       50
  MINIMUM         30    602 AM  26    1978  40    -10       36
                                      1975
                                      1959
  AVERAGE         44                        50     -6       43

PRECIPITATION (IN)
  YESTERDAY        0.00                      0.10  -0.10     0.00
  MONTH TO DATE    2.58                      2.50   0.08     2.94
  SINCE MAR 1      7.79                      5.45   2.34     7.03
  SINCE JAN 1     14.21                     10.79   3.42    14.45

SNOWFALL (IN)
  YESTERDAY        0.0                       0.0    0.0      0.0
  MONTH TO DATE    6.0                       3.1    2.9      0.5
  SINCE MAR 1     42.0                      16.8   25.2     10.3
  SINCE JUL 1    198.5                     100.8   97.7     78.6
  SNOW DEPTH       0

DEGREE DAYS
 HEATING
  YESTERDAY       21                        16      5       22
  MONTH TO DATE  572                       429    143      304
  SINCE MAR 1   1595                      1340    255     1200
  SINCE JUL 1   5773                      5705     68     4704

 COOLING
  YESTERDAY        0                         0      0        0
  MONTH TO DATE    0                         0      0        4
  SINCE MAR 1      0                         1     -1        4
  SINCE JAN 1      2                         1      1        4
..................................................................


WIND (MPH)
  HIGHEST WIND SPEED    21   HIGHEST WIND DIRECTION    NE (40)
  HIGHEST GUST SPEED    27   HIGHEST GUST DIRECTION    NE (40)
  AVERAGE WIND SPEED     9.4


SKY COVER
  POSSIBLE SUNSHINE  MM
  AVERAGE SKY COVER 0.0


WEATHER CONDITIONS
 THE FOLLOWING WEATHER WAS RECORDED YESTERDAY.
  NO SIGNIFICANT WEATHER WAS OBSERVED.


RELATIVE HUMIDITY (PERCENT)
 HIGHEST    82          1200 AM
 LOWEST     21           300 PM
 AVERAGE    52

..........................................................


THE ERIE PA CLIMATE NORMALS FOR TODAY
                         NORMAL    RECORD    YEAR
 MAXIMUM TEMPERATURE (F)   59        84      1885
 MINIMUM TEMPERATURE (F)   41        27      1989
                                             1978
                                             1930


SUNRISE AND SUNSET
APRIL 23 2018.........SUNRISE   628 AM EDT   SUNSET   811 PM EDT
APRIL 24 2018.........SUNRISE   626 AM EDT   SUNSET   812 PM EDT


-  INDICATES NEGATIVE NUMBERS.
R  INDICATES RECORD WAS SET OR TIED.
MM INDICATES DATA IS MISSING.
T  INDICATES TRACE AMOUNT.




$$
