515
CDUS41 KCLE 150545
CLIERI


CLIMATE REPORT
NATIONAL WEATHER SERVICE CLEVELAND OH
145 AM EDT TUE MAY 15 2018


...................................

...THE ERIE PA CLIMATE SUMMARY FOR MAY 14 2018...

CLIMATE NORMAL PERIOD 1981 TO 2010
CLIMATE RECORD PERIOD 1873 TO 2018


WEATHER ITEM   OBSERVED TIME   RECORD YEAR NORMAL DEPARTURE LAST
                VALUE   (LST)  VALUE       VALUE  FROM      YEAR
                                                  NORMAL
..................................................................
TEMPERATURE (F)
 YESTERDAY
  MAXIMUM         76    601 PM  87    1962  66     10       58
  MINIMUM         50    123 AM  34    2013  48      2       46
  AVERAGE         63                        57      6       52

PRECIPITATION (IN)
  YESTERDAY        0.04                      0.11  -0.07     0.05
  MONTH TO DATE    2.79                      1.51   1.28     3.15
  SINCE MAR 1     11.05                      7.79   3.26    10.62
  SINCE JAN 1     17.47                     13.13   4.34    18.04

SNOWFALL (IN)
  YESTERDAY        0.0                       0.0    0.0      0.0
  MONTH TO DATE    0.0                       0.0    0.0      0.0
  SINCE MAR 1     42.0                      16.9   25.1     10.3
  SINCE JUL 1    198.5                     100.9   97.6     78.6
  SNOW DEPTH       0

DEGREE DAYS
 HEATING
  YESTERDAY        2                         9     -7       13
  MONTH TO DATE   78                       153    -75      219
  SINCE MAR 1   1801                      1607    194     1495
  SINCE JUL 1   5979                      5972      7     4999

 COOLING
  YESTERDAY        0                         1     -1        0
  MONTH TO DATE   16                         9      7        0
  SINCE MAR 1     16                        16      0        9
  SINCE JAN 1     18                        16      2        9
..................................................................


WIND (MPH)
  HIGHEST WIND SPEED    15   HIGHEST WIND DIRECTION     S (190)
  HIGHEST GUST SPEED    21   HIGHEST GUST DIRECTION    NW (320)
  AVERAGE WIND SPEED     5.9


SKY COVER
  POSSIBLE SUNSHINE  MM
  AVERAGE SKY COVER 0.6


WEATHER CONDITIONS
 THE FOLLOWING WEATHER WAS RECORDED YESTERDAY.
  LIGHT RAIN
  FOG
  FOG W/VISIBILITY <= 1/4 MILE


RELATIVE HUMIDITY (PERCENT)
 HIGHEST   100           300 AM
 LOWEST     60           500 PM
 AVERAGE    80

..........................................................


THE ERIE PA CLIMATE NORMALS FOR TODAY
                         NORMAL    RECORD    YEAR
 MAXIMUM TEMPERATURE (F)   66        86      2007
                                             1916
 MINIMUM TEMPERATURE (F)   48        34      1920


SUNRISE AND SUNSET
MAY 15 2018...........SUNRISE   600 AM EDT   SUNSET   835 PM EDT
MAY 16 2018...........SUNRISE   559 AM EDT   SUNSET   836 PM EDT


-  INDICATES NEGATIVE NUMBERS.
R  INDICATES RECORD WAS SET OR TIED.
MM INDICATES DATA IS MISSING.
T  INDICATES TRACE AMOUNT.




$$
