000
CDUS41 KCLE 312113
CLIERI


CLIMATE REPORT
NATIONAL WEATHER SERVICE CLEVELAND OH
512 PM EDT SAT MAR 31 2018


...................................

...THE ERIE PA CLIMATE SUMMARY FOR MARCH 31 2018...
VALID TODAY AS OF 0500 PM LOCAL TIME.

CLIMATE NORMAL PERIOD 1981 TO 2010
CLIMATE RECORD PERIOD 1873 TO 2018


WEATHER ITEM   OBSERVED TIME   RECORD YEAR NORMAL DEPARTURE LAST
                VALUE   (LST)  VALUE       VALUE  FROM      YEAR
                                                  NORMAL
..................................................................
TEMPERATURE (F)
 TODAY
  MAXIMUM         54    319 PM  82    1998  50      4       50
  MINIMUM         28    431 AM   9    1923  33     -5       37
  AVERAGE         41                        41      0       44

PRECIPITATION (IN)
  TODAY            0.00                      0.11  -0.11     0.80
  MONTH TO DATE    4.96                      2.95   2.01     4.09
  SINCE MAR 1      4.96                      2.95   2.01     4.09
  SINCE JAN 1     11.38                      8.29   3.09    11.51

SNOWFALL (IN)
  TODAY            0.0                       0.2   -0.2      0.0
  MONTH TO DATE   36.0                      13.7   22.3      9.8
  SINCE MAR 1     36.0                      13.7   22.3      9.8
  SINCE JUL 1    192.5                      97.7   94.8     78.1
  SNOW DEPTH       0

DEGREE DAYS
 HEATING
  TODAY           24                        24      0       21
  MONTH TO DATE 1023                       911    112      896
  SINCE MAR 1   1023                       911    112      896
  SINCE JUL 1   5201                      5276    -75     4400

 COOLING
  TODAY            0                         0      0        0
  MONTH TO DATE    0                         1     -1        0
  SINCE MAR 1      0                         1     -1        0
  SINCE JAN 1      2                         1      1        0
..................................................................


WIND (MPH)
  HIGHEST WIND SPEED    28   HIGHEST WIND DIRECTION     S (200)
  HIGHEST GUST SPEED    35   HIGHEST GUST DIRECTION     S (200)


SKY COVER
  POSSIBLE SUNSHINE  MM
  AVERAGE SKY COVER 0.1


WEATHER CONDITIONS
 THE FOLLOWING WEATHER WAS RECORDED TODAY.
  NO SIGNIFICANT WEATHER WAS OBSERVED.


RELATIVE HUMIDITY (PERCENT)
 HIGHEST    85           100 AM
 LOWEST     35           200 PM
 AVERAGE    60

..........................................................


THE ERIE PA CLIMATE NORMALS FOR TOMORROW
                         NORMAL    RECORD    YEAR
 MAXIMUM TEMPERATURE (F)   50        82      2010
 MINIMUM TEMPERATURE (F)   33         7      1923


SUNRISE AND SUNSET
MARCH 31 2018.........SUNRISE   705 AM EDT   SUNSET   745 PM EDT
APRIL  1 2018.........SUNRISE   703 AM EDT   SUNSET   746 PM EDT


-  INDICATES NEGATIVE NUMBERS.
R  INDICATES RECORD WAS SET OR TIED.
MM INDICATES DATA IS MISSING.
T  INDICATES TRACE AMOUNT.




$$
