000
CDUS41 KCLE 090530
CLIERI


CLIMATE REPORT
NATIONAL WEATHER SERVICE CLEVELAND OH
128 AM EDT MON APR 9 2018


...................................

...THE ERIE PA CLIMATE SUMMARY FOR APRIL 8 2018...

CLIMATE NORMAL PERIOD 1981 TO 2010
CLIMATE RECORD PERIOD 1873 TO 2018


WEATHER ITEM   OBSERVED TIME   RECORD YEAR NORMAL DEPARTURE LAST
                VALUE   (LST)  VALUE       VALUE  FROM      YEAR
                                                  NORMAL
..................................................................
TEMPERATURE (F)
 YESTERDAY
  MAXIMUM         35    439 PM  78    2001  53    -18       50
                                      1991
  MINIMUM         26   1159 PM  12    1982  36    -10       36
  AVERAGE         31                        44    -13       43

PRECIPITATION (IN)
  YESTERDAY        T                         0.12  -0.12     0.00
  MONTH TO DATE    0.84                      0.92  -0.08     1.31
  SINCE MAR 1      6.05                      3.87   2.18     5.40
  SINCE JAN 1     12.47                      9.21   3.26    12.82

SNOWFALL (IN)
  YESTERDAY        T                         0.2   -0.2      0.0
  MONTH TO DATE    1.2                       1.7   -0.5      0.5
  SINCE MAR 1     37.2                      15.4   21.8     10.3
  SINCE JUL 1    193.7                      99.4   94.3     78.6
  SNOW DEPTH       0

DEGREE DAYS
 HEATING
  YESTERDAY       34                        21     13       22
  MONTH TO DATE  225                       178     47      153
  SINCE MAR 1   1248                      1089    159     1049
  SINCE JUL 1   5426                      5454    -28     4553

 COOLING
  YESTERDAY        0                         0      0        0
  MONTH TO DATE    0                         0      0        0
  SINCE MAR 1      0                         1     -1        0
  SINCE JAN 1      2                         1      1        0
..................................................................


WIND (MPH)
  HIGHEST WIND SPEED    16   HIGHEST WIND DIRECTION     W (270)
  HIGHEST GUST SPEED    20   HIGHEST GUST DIRECTION     W (290)
  AVERAGE WIND SPEED     7.7


SKY COVER
  POSSIBLE SUNSHINE  MM
  AVERAGE SKY COVER 0.8


WEATHER CONDITIONS
 THE FOLLOWING WEATHER WAS RECORDED YESTERDAY.
  NO SIGNIFICANT WEATHER WAS OBSERVED.


RELATIVE HUMIDITY (PERCENT)
 HIGHEST    78           100 AM
 LOWEST     43           300 PM
 AVERAGE    61

..........................................................


THE ERIE PA CLIMATE NORMALS FOR TODAY
                         NORMAL    RECORD    YEAR
 MAXIMUM TEMPERATURE (F)   54        79      1969
 MINIMUM TEMPERATURE (F)   36        17      1977
                                             1972
                                             1958


SUNRISE AND SUNSET
APRIL  9 2018.........SUNRISE   650 AM EDT   SUNSET   755 PM EDT
APRIL 10 2018.........SUNRISE   648 AM EDT   SUNSET   756 PM EDT


-  INDICATES NEGATIVE NUMBERS.
R  INDICATES RECORD WAS SET OR TIED.
MM INDICATES DATA IS MISSING.
T  INDICATES TRACE AMOUNT.




$$
