000
CDUS41 KCLE 232113
CLIERI


CLIMATE REPORT
NATIONAL WEATHER SERVICE CLEVELAND OH
511 PM EDT MON APR 23 2018


...................................

...THE ERIE PA CLIMATE SUMMARY FOR APRIL 23 2018...
VALID TODAY AS OF 0500 PM LOCAL TIME.

CLIMATE NORMAL PERIOD 1981 TO 2010
CLIMATE RECORD PERIOD 1873 TO 2018


WEATHER ITEM   OBSERVED TIME   RECORD YEAR NORMAL DEPARTURE LAST
                VALUE   (LST)  VALUE       VALUE  FROM      YEAR
                                                  NORMAL
..................................................................
TEMPERATURE (F)
 TODAY
  MAXIMUM         75    125 PM  84    1885  59     16       59
  MINIMUM         49    604 AM  27    1989  41      8       33
                                      1978
                                      1930
  AVERAGE         62                        50     12       46

PRECIPITATION (IN)
  TODAY            0.00                      0.11  -0.11     0.00
  MONTH TO DATE    2.58                      2.61  -0.03     2.94
  SINCE MAR 1      7.79                      5.56   2.23     7.03
  SINCE JAN 1     14.21                     10.90   3.31    14.45

SNOWFALL (IN)
  TODAY            0.0                       0.0    0.0      0.0
  MONTH TO DATE    6.0                       3.1    2.9      0.5
  SINCE MAR 1     42.0                      16.8   25.2     10.3
  SINCE JUL 1    198.5                     100.8   97.7     78.6
  SNOW DEPTH       0

DEGREE DAYS
 HEATING
  TODAY            3                        15    -12       19
  MONTH TO DATE  575                       444    131      323
  SINCE MAR 1   1598                      1355    243     1219
  SINCE JUL 1   5776                      5720     56     4723

 COOLING
  TODAY            0                         0      0        0
  MONTH TO DATE    0                         0      0        4
  SINCE MAR 1      0                         1     -1        4
  SINCE JAN 1      2                         1      1        4
..................................................................


WIND (MPH)
  HIGHEST WIND SPEED    21   HIGHEST WIND DIRECTION     S (160)
  HIGHEST GUST SPEED    26   HIGHEST GUST DIRECTION     S (160)


SKY COVER
  POSSIBLE SUNSHINE  MM
  AVERAGE SKY COVER 0.0


WEATHER CONDITIONS
 THE FOLLOWING WEATHER WAS RECORDED TODAY.
  NO SIGNIFICANT WEATHER WAS OBSERVED.


RELATIVE HUMIDITY (PERCENT)
 HIGHEST    38           700 AM
 LOWEST     28           100 AM
 AVERAGE    33

..........................................................


THE ERIE PA CLIMATE NORMALS FOR TOMORROW
                         NORMAL    RECORD    YEAR
 MAXIMUM TEMPERATURE (F)   60        85      1958
 MINIMUM TEMPERATURE (F)   41        28      2014
                                             2003
                                             1980


SUNRISE AND SUNSET
APRIL 23 2018.........SUNRISE   628 AM EDT   SUNSET   811 PM EDT
APRIL 24 2018.........SUNRISE   626 AM EDT   SUNSET   812 PM EDT


-  INDICATES NEGATIVE NUMBERS.
R  INDICATES RECORD WAS SET OR TIED.
MM INDICATES DATA IS MISSING.
T  INDICATES TRACE AMOUNT.




$$
