000
CXUS51 KCLE 060535
CLMERI


CLIMATE REPORT
NATIONAL WEATHER SERVICE CLEVELAND OH
1234 AM EST TUE FEB 6 2018

...................................

...THE ERIE PA CLIMATE SUMMARY FOR THE MONTH OF JANUARY 2018...

CLIMATE NORMAL PERIOD 1981 TO 2010
CLIMATE RECORD PERIOD 1873 TO 2018

WEATHER         OBSERVED          NORMAL  DEPART  LAST YEAR`S
                 VALUE   DATE(S)  VALUE   FROM    VALUE
                                          NORMAL
.............................................................
TEMPERATURE (F)
RECORD
 HIGH              73   01/25/1950
                        01/01/1876
 LOW              -18   01/19/1994
HIGHEST            61   01/11
LOWEST                  01/07
AVG. MAXIMUM     33.3              33.7    -0.4     39.3
AVG. MINIMUM     18.5              20.8    -2.3     26.9
MEAN             25.9              27.2    -1.3     33.1
DAYS MAX >= 90      0               0.0     0.0        0
DAYS MAX <= 32     16              14.2     1.8       10
DAYS MIN <= 32     27              26.4     0.6       21
DAYS MIN <= 0       1               1.3    -0.3        0

PRECIPITATION (INCHES)
RECORD
 MAXIMUM         6.25   1950
 MINIMUM         0.85   1944
TOTALS           2.72              2.95   -0.23     4.88
DAYS >= .01        17              19.6    -2.6       20
DAYS >= .10         7               8.6    -1.6       15
DAYS >= .50         1               1.1    -0.1        2
DAYS >= 1.00        0               0.2    -0.2        0
GREATEST
 24 HR. TOTAL    0.83   01/12 TO 01/12              0.93

SNOWFALL (INCHES)
RECORDS
 TOTAL           62.4   1978
TOTALS           22.4              29.6    -7.2     33.4
SINCE 7/1       143.8              65.8    78.0     58.0
DAYS >= 1.0         8               8.3    -0.3        8
GREATEST
 24 HR TOTAL      6.0   01/04 TO 01/04

DEGREE_DAYS
HEATING TOTAL    1205              1170      35      978
 SINCE 7/1       3331              3338      -7     2751
COOLING TOTAL       0                 0       0        0
 SINCE 1/1          0                 0       0        0
..............................................................

WIND (MPH)
AVERAGE WIND SPEED              12.4
HIGHEST WIND SPEED/DIRECTION    35/170    DATE  01/31
HIGHEST GUST SPEED/DIRECTION    47/170    DATE  01/31

SKY COVER
AVERAGE SKY COVER           0.70

AVERAGE RH (PERCENT)     71

WEATHER CONDITIONS. NUMBER OF DAYS WITH
THUNDERSTORM              0     MIXED PRECIP               0
HEAVY RAIN                1     RAIN                       2
LIGHT RAIN                8     FREEZING RAIN              1
LT FREEZING RAIN          4     HAIL                       0
HEAVY SNOW                3     SNOW                       5
LIGHT SNOW               17     SLEET                      0
FOG                      20     FOG W/VIS <= 1/4 MILE      3
HAZE                     22

-  INDICATES NEGATIVE NUMBERS.
R  INDICATES RECORD WAS SET OR TIED.
MM INDICATES DATA IS MISSING.
T  INDICATES TRACE AMOUNT.

$$
