560
CDUS41 KCLE 252118
CLIMFD


CLIMATE REPORT
NATIONAL WEATHER SERVICE CLEVELAND OH
514 PM EDT FRI MAY 25 2018


...................................

...THE MANSFIELD OH CLIMATE SUMMARY FOR MAY 25 2018...
VALID TODAY AS OF 0500 PM LOCAL TIME.

CLIMATE NORMAL PERIOD 1981 TO 2010
CLIMATE RECORD PERIOD 1916 TO 2018


WEATHER ITEM   OBSERVED TIME   RECORD YEAR NORMAL DEPARTURE LAST
                VALUE   (LST)  VALUE       VALUE  FROM      YEAR
                                                  NORMAL
..................................................................
TEMPERATURE (F)
 TODAY
  MAXIMUM         84    352 PM  88    2012  72     12       65
                                      1918
  MINIMUM         54    544 AM  28    1925  51      3       58
  AVERAGE         69                        61      8       62

PRECIPITATION (IN)
  TODAY            0.00                      0.16  -0.16     0.25
  MONTH TO DATE    3.35                      3.57  -0.22     4.74
  SINCE MAR 1     11.20                     11.10   0.10    12.50
  SINCE JAN 1     18.35                     16.36   1.99    20.36

SNOWFALL (IN)
  TODAY            0.0                       0.0    0.0      0.0
  MONTH TO DATE    0.0                       0.0    0.0      0.0
  SINCE MAR 1     16.3                      10.4    5.9     15.0
  SINCE JUL 1     46.3                      48.3   -2.0     36.6
  SNOW DEPTH       0

DEGREE DAYS
 HEATING
  TODAY            0                         5     -5        3
  MONTH TO DATE   41                       204   -163      217
  SINCE MAR 1   1639                      1564     75     1322
  SINCE JUL 1   5959                      6189   -230     4992

 COOLING
  TODAY            4                         2      2        0
  MONTH TO DATE   44                        24     20       29
  SINCE MAR 1     49                        32     17       47
  SINCE JAN 1     50                        32     18       47
..................................................................


WIND (MPH)
  HIGHEST WIND SPEED    15   HIGHEST WIND DIRECTION    SW (210)
  HIGHEST GUST SPEED    18   HIGHEST GUST DIRECTION    SW (220)


SKY COVER
  POSSIBLE SUNSHINE  MM
  AVERAGE SKY COVER 0.0


WEATHER CONDITIONS
 THE FOLLOWING WEATHER WAS RECORDED TODAY.
  HAZE


RELATIVE HUMIDITY (PERCENT)
 HIGHEST    86           500 AM
 LOWEST     31           400 PM
 AVERAGE    59

..........................................................


THE MANSFIELD OH CLIMATE NORMALS FOR TOMORROW
                         NORMAL    RECORD    YEAR
 MAXIMUM TEMPERATURE (F)   72        88      1939
                                             1918
 MINIMUM TEMPERATURE (F)   51        32      1948


SUNRISE AND SUNSET
MAY 25 2018...........SUNRISE   605 AM EDT   SUNSET   850 PM EDT
MAY 26 2018...........SUNRISE   604 AM EDT   SUNSET   851 PM EDT


-  INDICATES NEGATIVE NUMBERS.
R  INDICATES RECORD WAS SET OR TIED.
MM INDICATES DATA IS MISSING.
T  INDICATES TRACE AMOUNT.




$$
