000
CDUS41 KCLE 180526
CLIMFD


CLIMATE REPORT
NATIONAL WEATHER SERVICE CLEVELAND OH
126 AM EDT FRI MAY 18 2018


...................................

...THE MANSFIELD OH CLIMATE SUMMARY FOR MAY 17 2018...

CLIMATE NORMAL PERIOD 1981 TO 2010
CLIMATE RECORD PERIOD 1916 TO 2018


WEATHER ITEM   OBSERVED TIME   RECORD YEAR NORMAL DEPARTURE LAST
                VALUE   (LST)  VALUE       VALUE  FROM      YEAR
                                                  NORMAL
..................................................................
TEMPERATURE (F)
 YESTERDAY
  MAXIMUM         81    300 PM  91    1962  70     11       87
  MINIMUM         55    456 AM  31    1935  48      7       64
  AVERAGE         68                        59      9       76

PRECIPITATION (IN)
  YESTERDAY        0.00                      0.15  -0.15     0.00
  MONTH TO DATE    1.45                      2.34  -0.89     2.90
  SINCE MAR 1      9.30                      9.87  -0.57    10.66
  SINCE JAN 1     16.45                     15.13   1.32    18.52

SNOWFALL (IN)
  YESTERDAY        0.0                       0.0    0.0      0.0
  MONTH TO DATE    0.0                       0.0    0.0      0.0
  SINCE MAR 1     16.3                      10.4    5.9     15.0
  SINCE JUL 1     46.3                      48.3   -2.0     36.6
  SNOW DEPTH       0

DEGREE DAYS
 HEATING
  YESTERDAY        0                         7     -7        0
  MONTH TO DATE   36                       154   -118      190
  SINCE MAR 1   1634                      1514    120     1295
  SINCE JUL 1   5954                      6139   -185     4965

 COOLING
  YESTERDAY        3                         1      2       11
  MONTH TO DATE   25                        12     13       16
  SINCE MAR 1     30                        20     10       34
  SINCE JAN 1     31                        20     11       34
..................................................................


WIND (MPH)
  HIGHEST WIND SPEED    17   HIGHEST WIND DIRECTION     N (10)
  HIGHEST GUST SPEED    23   HIGHEST GUST DIRECTION     N (20)
  AVERAGE WIND SPEED     8.9


SKY COVER
  POSSIBLE SUNSHINE  MM
  AVERAGE SKY COVER 0.0


WEATHER CONDITIONS
 THE FOLLOWING WEATHER WAS RECORDED YESTERDAY.
  NO SIGNIFICANT WEATHER WAS OBSERVED.


RELATIVE HUMIDITY (PERCENT)
 HIGHEST    86           400 AM
 LOWEST     42           300 PM
 AVERAGE    64

..........................................................


THE MANSFIELD OH CLIMATE NORMALS FOR TODAY
                         NORMAL    RECORD    YEAR
 MAXIMUM TEMPERATURE (F)   70        92      1962
 MINIMUM TEMPERATURE (F)   49        30      1941


SUNRISE AND SUNSET
MAY 18 2018...........SUNRISE   610 AM EDT   SUNSET   844 PM EDT
MAY 19 2018...........SUNRISE   609 AM EDT   SUNSET   844 PM EDT


-  INDICATES NEGATIVE NUMBERS.
R  INDICATES RECORD WAS SET OR TIED.
MM INDICATES DATA IS MISSING.
T  INDICATES TRACE AMOUNT.




$$
