000
CDUS41 KCLE 180529
CLIMFD


CLIMATE REPORT
NATIONAL WEATHER SERVICE CLEVELAND OH
127 AM EDT WED APR 18 2018


...................................

...THE MANSFIELD OH CLIMATE SUMMARY FOR APRIL 17 2018...

CLIMATE NORMAL PERIOD 1981 TO 2010
CLIMATE RECORD PERIOD 1916 TO 2018


WEATHER ITEM   OBSERVED TIME   RECORD YEAR NORMAL DEPARTURE LAST
                VALUE   (LST)  VALUE       VALUE  FROM      YEAR
                                                  NORMAL
..................................................................
TEMPERATURE (F)
 YESTERDAY
  MAXIMUM         34    542 PM  83    1969  60    -26       67
  MINIMUM         27   1108 AM  21    1946  39    -12       48
  AVERAGE         31                        49    -18       58

PRECIPITATION (IN)
  YESTERDAY        0.02                      0.14  -0.12     0.00
  MONTH TO DATE    3.55                      2.38   1.17     2.18
  SINCE MAR 1      7.22                      5.77   1.45     5.94
  SINCE JAN 1     14.37                     11.03   3.34    13.80

SNOWFALL (IN)
  YESTERDAY        0.2                       0.1    0.1      0.0
  MONTH TO DATE    4.0                       2.1    1.9      4.3
  SINCE MAR 1     15.1                       9.9    5.2     15.0
  SINCE JUL 1     45.1                      47.8   -2.7     36.6
  SNOW DEPTH       T

DEGREE DAYS
 HEATING
  YESTERDAY       34                        16     18        7
  MONTH TO DATE  401                       320     81      198
  SINCE MAR 1   1366                      1185    181     1020
  SINCE JUL 1   5686                      5810   -124     4690

 COOLING
  YESTERDAY        0                         0      0        0
  MONTH TO DATE    5                         0      5        8
  SINCE MAR 1      5                         1      4        8
  SINCE JAN 1      6                         1      5        8
..................................................................


WIND (MPH)
  HIGHEST WIND SPEED    23   HIGHEST WIND DIRECTION     W (260)
  HIGHEST GUST SPEED    32   HIGHEST GUST DIRECTION     W (260)
  AVERAGE WIND SPEED    11.8


SKY COVER
  POSSIBLE SUNSHINE  MM
  AVERAGE SKY COVER 0.9


WEATHER CONDITIONS
 THE FOLLOWING WEATHER WAS RECORDED YESTERDAY.
  LIGHT SNOW
  FOG
  HAZE


RELATIVE HUMIDITY (PERCENT)
 HIGHEST    92           700 AM
 LOWEST     61           200 PM
 AVERAGE    77

..........................................................


THE MANSFIELD OH CLIMATE NORMALS FOR TODAY
                         NORMAL    RECORD    YEAR
 MAXIMUM TEMPERATURE (F)   61        82      2013
                                             2002
                                             1976
 MINIMUM TEMPERATURE (F)   39        23      1990


SUNRISE AND SUNSET
APRIL 18 2018.........SUNRISE   647 AM EDT   SUNSET   813 PM EDT
APRIL 19 2018.........SUNRISE   645 AM EDT   SUNSET   814 PM EDT


-  INDICATES NEGATIVE NUMBERS.
R  INDICATES RECORD WAS SET OR TIED.
MM INDICATES DATA IS MISSING.
T  INDICATES TRACE AMOUNT.




$$
