000
CDUS41 KCLE 082113
CLIMFD


CLIMATE REPORT
NATIONAL WEATHER SERVICE CLEVELAND OH
512 PM EDT SUN APR 8 2018


...................................

...THE MANSFIELD OH CLIMATE SUMMARY FOR APRIL 8 2018...
VALID TODAY AS OF 0500 PM LOCAL TIME.

CLIMATE NORMAL PERIOD 1981 TO 2010
CLIMATE RECORD PERIOD 1916 TO 2018


WEATHER ITEM   OBSERVED TIME   RECORD YEAR NORMAL DEPARTURE LAST
                VALUE   (LST)  VALUE       VALUE  FROM      YEAR
                                                  NORMAL
..................................................................
TEMPERATURE (F)
 TODAY
  MAXIMUM         38    340 PM  80    2001  56    -18       59
  MINIMUM         21    641 AM  15    1982  36    -15       33
                                      1972
  AVERAGE         30                        46    -16       46

PRECIPITATION (IN)
  TODAY            0.00                      0.15  -0.15     0.00
  MONTH TO DATE    1.92                      1.10   0.82     1.53
  SINCE MAR 1      5.59                      4.49   1.10     5.29
  SINCE JAN 1     12.74                      9.75   2.99    13.15

SNOWFALL (IN)
  TODAY            0.0                       0.1   -0.1      0.0
  MONTH TO DATE    3.5                       1.1    2.4      4.3
  SINCE MAR 1     14.6                       8.9    5.7     15.0
  SINCE JUL 1     44.6                      46.8   -2.2     36.6
  SNOW DEPTH       0

DEGREE DAYS
 HEATING
  TODAY           35                        19     16       19
  MONTH TO DATE  223                       165     58      142
  SINCE MAR 1   1188                      1030    158      964
  SINCE JUL 1   5508                      5655   -147     4634

 COOLING
  TODAY            0                         0      0        0
  MONTH TO DATE    0                         0      0        0
  SINCE MAR 1      0                         1     -1        0
  SINCE JAN 1      1                         1      0        0
..................................................................


WIND (MPH)
  HIGHEST WIND SPEED    14   HIGHEST WIND DIRECTION     N (340)
  HIGHEST GUST SPEED    18   HIGHEST GUST DIRECTION     N (340)


SKY COVER
  POSSIBLE SUNSHINE  MM
  AVERAGE SKY COVER 0.3


WEATHER CONDITIONS
 THE FOLLOWING WEATHER WAS RECORDED TODAY.
  NO SIGNIFICANT WEATHER WAS OBSERVED.


RELATIVE HUMIDITY (PERCENT)
 HIGHEST    81           400 AM
 LOWEST     32           400 PM
 AVERAGE    57

..........................................................


THE MANSFIELD OH CLIMATE NORMALS FOR TOMORROW
                         NORMAL    RECORD    YEAR
 MAXIMUM TEMPERATURE (F)   57        81      2013
 MINIMUM TEMPERATURE (F)   36        16      1972
                                             1958
                                             1957


SUNRISE AND SUNSET
APRIL  8 2018.........SUNRISE   702 AM EDT   SUNSET   802 PM EDT
APRIL  9 2018.........SUNRISE   701 AM EDT   SUNSET   803 PM EDT


-  INDICATES NEGATIVE NUMBERS.
R  INDICATES RECORD WAS SET OR TIED.
MM INDICATES DATA IS MISSING.
T  INDICATES TRACE AMOUNT.




$$
