000
CDUS41 KCLE 160545
CLIMFD


CLIMATE REPORT
NATIONAL WEATHER SERVICE CLEVELAND OH
145 AM EDT MON APR 16 2018


...................................

...THE MANSFIELD OH CLIMATE SUMMARY FOR APRIL 15 2018...

CLIMATE NORMAL PERIOD 1981 TO 2010
CLIMATE RECORD PERIOD 1916 TO 2018


WEATHER ITEM   OBSERVED TIME   RECORD YEAR NORMAL DEPARTURE LAST
                VALUE   (LST)  VALUE       VALUE  FROM      YEAR
                                                  NORMAL
..................................................................
TEMPERATURE (F)
 YESTERDAY
  MAXIMUM         60    212 PM  82    2010  59      1       80
  MINIMUM         36    212 AM  15    1957  38     -2       53
  AVERAGE         48                        49     -1       67

PRECIPITATION (IN)
  YESTERDAY        1.44                      0.14   1.30     0.19
  MONTH TO DATE    3.51                      2.10   1.41     2.17
  SINCE MAR 1      7.18                      5.49   1.69     5.93
  SINCE JAN 1     14.33                     10.75   3.58    13.79

SNOWFALL (IN)
  YESTERDAY       MM                         0.1   MM        0.0
  MONTH TO DATE    3.7                       1.9    1.8      4.3
  SINCE MAR 1     14.8                       9.7    5.1     15.0
  SINCE JUL 1     44.8                      47.6   -2.8     36.6
  SNOW DEPTH       0

DEGREE DAYS
 HEATING
  YESTERDAY       17                        16      1        0
  MONTH TO DATE  339                       288     51      191
  SINCE MAR 1   1304                      1153    151     1013
  SINCE JUL 1   5624                      5778   -154     4683

 COOLING
  YESTERDAY        0                         0      0        2
  MONTH TO DATE    5                         0      5        5
  SINCE MAR 1      5                         1      4        5
  SINCE JAN 1      6                         1      5        5
..................................................................


WIND (MPH)
  HIGHEST WIND SPEED    18   HIGHEST WIND DIRECTION     E (100)
  HIGHEST GUST SPEED    23   HIGHEST GUST DIRECTION     E (100)
  AVERAGE WIND SPEED     9.0


SKY COVER
  POSSIBLE SUNSHINE  MM
  AVERAGE SKY COVER 1.0


WEATHER CONDITIONS
 THE FOLLOWING WEATHER WAS RECORDED YESTERDAY.
  HEAVY RAIN
  RAIN
  LIGHT RAIN
  FOG


RELATIVE HUMIDITY (PERCENT)
 HIGHEST   100          1200 AM
 LOWEST     92           900 PM
 AVERAGE    96

..........................................................


THE MANSFIELD OH CLIMATE NORMALS FOR TODAY
                         NORMAL    RECORD    YEAR
 MAXIMUM TEMPERATURE (F)   60        84      2002
 MINIMUM TEMPERATURE (F)   38        16      1935


SUNRISE AND SUNSET
APRIL 16 2018.........SUNRISE   650 AM EDT   SUNSET   811 PM EDT
APRIL 17 2018.........SUNRISE   648 AM EDT   SUNSET   812 PM EDT


-  INDICATES NEGATIVE NUMBERS.
R  INDICATES RECORD WAS SET OR TIED.
MM INDICATES DATA IS MISSING.
T  INDICATES TRACE AMOUNT.




$$
