000
CDUS41 KCLE 262139
CLIMFD


CLIMATE REPORT
NATIONAL WEATHER SERVICE CLEVELAND OH
538 PM EDT SAT MAY 26 2018


...................................

...THE MANSFIELD OH CLIMATE SUMMARY FOR MAY 26 2018...
VALID TODAY AS OF 0500 PM LOCAL TIME.

CLIMATE NORMAL PERIOD 1981 TO 2010
CLIMATE RECORD PERIOD 1916 TO 2018


WEATHER ITEM   OBSERVED TIME   RECORD YEAR NORMAL DEPARTURE LAST
                VALUE   (LST)  VALUE       VALUE  FROM      YEAR
                                                  NORMAL
..................................................................
TEMPERATURE (F)
 TODAY
  MAXIMUM         85    243 PM  88    1939  72     13       69
                                      1918
  MINIMUM         62   1239 AM  32    1948  51     11       56
  AVERAGE         74                        62     12       63

PRECIPITATION (IN)
  TODAY            T                         0.16  -0.16     0.00
  MONTH TO DATE    3.35                      3.73  -0.38     4.74
  SINCE MAR 1     11.20                     11.26  -0.06    12.50
  SINCE JAN 1     18.35                     16.52   1.83    20.36

SNOWFALL (IN)
  TODAY            0.0                       0.0    0.0      0.0
  MONTH TO DATE    0.0                       0.0    0.0      0.0
  SINCE MAR 1     16.3                      10.4    5.9     15.0
  SINCE JUL 1     46.3                      48.3   -2.0     36.6
  SNOW DEPTH       0

DEGREE DAYS
 HEATING
  TODAY            0                         5     -5        2
  MONTH TO DATE   41                       209   -168      219
  SINCE MAR 1   1639                      1569     70     1324
  SINCE JUL 1   5959                      6194   -235     4994

 COOLING
  TODAY            9                         2      7        0
  MONTH TO DATE   53                        26     27       29
  SINCE MAR 1     58                        34     24       47
  SINCE JAN 1     59                        34     25       47
..................................................................


WIND (MPH)
  HIGHEST WIND SPEED    14   HIGHEST WIND DIRECTION    SW (210)
  HIGHEST GUST SPEED    18   HIGHEST GUST DIRECTION    SW (240)


SKY COVER
  POSSIBLE SUNSHINE  MM
  AVERAGE SKY COVER 0.3


WEATHER CONDITIONS
 THE FOLLOWING WEATHER WAS RECORDED TODAY.
  LIGHT RAIN


RELATIVE HUMIDITY (PERCENT)
 HIGHEST    78           500 AM
 LOWEST     51           200 PM
 AVERAGE    65

..........................................................


THE MANSFIELD OH CLIMATE NORMALS FOR TOMORROW
                         NORMAL    RECORD    YEAR
 MAXIMUM TEMPERATURE (F)   73        90      2012
                                             1918
 MINIMUM TEMPERATURE (F)   52        33      1947


SUNRISE AND SUNSET
MAY 26 2018...........SUNRISE   604 AM EDT   SUNSET   851 PM EDT
MAY 27 2018...........SUNRISE   603 AM EDT   SUNSET   852 PM EDT


-  INDICATES NEGATIVE NUMBERS.
R  INDICATES RECORD WAS SET OR TIED.
MM INDICATES DATA IS MISSING.
T  INDICATES TRACE AMOUNT.




$$
