000
CDUS41 KCLE 151537
CLIMFD


CLIMATE REPORT
NATIONAL WEATHER SERVICE CLEVELAND OH
1133 AM EDT SUN APR 15 2018


...................................

...THE MANSFIELD OH CLIMATE SUMMARY FOR APRIL 14 2018...

CLIMATE NORMAL PERIOD 1981 TO 2010
CLIMATE RECORD PERIOD 1916 TO 2018


WEATHER ITEM   OBSERVED TIME   RECORD YEAR NORMAL DEPARTURE LAST
                VALUE   (LST)  VALUE       VALUE  FROM      YEAR
                                                  NORMAL
..................................................................
TEMPERATURE (F)
 YESTERDAY
  MAXIMUM         72   1130 AM  82    1941  59     13       71
  MINIMUM         36   1159 PM  14    1957  38     -2       47
  AVERAGE         54                        48      6       59

PRECIPITATION (IN)
  YESTERDAY        0.12                      0.14  -0.02     0.00
  MONTH TO DATE    2.07                      1.96   0.11     1.98
  SINCE MAR 1      5.74                      5.35   0.39     5.74
  SINCE JAN 1     12.89                     10.61   2.28    13.60

SNOWFALL (IN)
  YESTERDAY        0.0                       0.1   -0.1      0.0
  MONTH TO DATE    3.7                       1.8    1.9      4.3
  SINCE MAR 1     14.8                       9.6    5.2     15.0
  SINCE JUL 1     44.8                      47.5   -2.7     36.6
  SNOW DEPTH       0

DEGREE DAYS
 HEATING
  YESTERDAY       11                        17     -6        6
  MONTH TO DATE  322                       272     50      191
  SINCE MAR 1   1287                      1137    150     1013
  SINCE JUL 1   5607                      5762   -155     4683

 COOLING
  YESTERDAY        0                         0      0        0
  MONTH TO DATE    5                         0      5        3
  SINCE MAR 1      5                         1      4        3
  SINCE JAN 1      6                         1      5        3
..................................................................


WIND (MPH)
  HIGHEST WIND SPEED    23   HIGHEST WIND DIRECTION    SW (220)
  HIGHEST GUST SPEED    31   HIGHEST GUST DIRECTION    SW (220)
  AVERAGE WIND SPEED     7.6


SKY COVER
  POSSIBLE SUNSHINE  MM
  AVERAGE SKY COVER 0.8


WEATHER CONDITIONS
 THE FOLLOWING WEATHER WAS RECORDED YESTERDAY.
  LIGHT RAIN
  FOG
  FOG W/VISIBILITY <= 1/4 MILE


RELATIVE HUMIDITY (PERCENT)
 HIGHEST   100           600 PM
 LOWEST     49          1100 AM
 AVERAGE    75

..........................................................


THE MANSFIELD OH CLIMATE NORMALS FOR TODAY
                         NORMAL    RECORD    YEAR
 MAXIMUM TEMPERATURE (F)   59        82      2010
 MINIMUM TEMPERATURE (F)   38        15      1957


SUNRISE AND SUNSET
APRIL 15 2018.........SUNRISE   651 AM EDT   SUNSET   810 PM EDT
APRIL 16 2018.........SUNRISE   650 AM EDT   SUNSET   811 PM EDT


-  INDICATES NEGATIVE NUMBERS.
R  INDICATES RECORD WAS SET OR TIED.
MM INDICATES DATA IS MISSING.
T  INDICATES TRACE AMOUNT.




$$
