000
CDUS41 KCLE 240527
CLIMFD


CLIMATE REPORT
NATIONAL WEATHER SERVICE CLEVELAND OH
127 AM EDT TUE APR 24 2018


...................................

...THE MANSFIELD OH CLIMATE SUMMARY FOR APRIL 23 2018...

CLIMATE NORMAL PERIOD 1981 TO 2010
CLIMATE RECORD PERIOD 1916 TO 2018


WEATHER ITEM   OBSERVED TIME   RECORD YEAR NORMAL DEPARTURE LAST
                VALUE   (LST)  VALUE       VALUE  FROM      YEAR
                                                  NORMAL
..................................................................
TEMPERATURE (F)
 YESTERDAY
  MAXIMUM         73    201 PM  86    1925  62     11       68
  MINIMUM         44   1250 AM  22    1959  41      3       35
                                      1936
  AVERAGE         59                        52      7       52

PRECIPITATION (IN)
  YESTERDAY        0.03                      0.14  -0.11     0.00
  MONTH TO DATE    3.70                      3.21   0.49     2.53
  SINCE MAR 1      7.37                      6.60   0.77     6.29
  SINCE JAN 1     14.52                     11.86   2.66    14.15

SNOWFALL (IN)
  YESTERDAY        0.0                       0.0    0.0      0.0
  MONTH TO DATE    5.2                       2.4    2.8      4.3
  SINCE MAR 1     16.3                      10.2    6.1     15.0
  SINCE JUL 1     46.3                      48.1   -1.8     36.6
  SNOW DEPTH       0

DEGREE DAYS
 HEATING
  YESTERDAY        6                        14     -8       13
  MONTH TO DATE  519                       407    112      247
  SINCE MAR 1   1484                      1272    212     1069
  SINCE JUL 1   5804                      5897    -93     4739

 COOLING
  YESTERDAY        0                         0      0        0
  MONTH TO DATE    5                         0      5       14
  SINCE MAR 1      5                         1      4       14
  SINCE JAN 1      6                         1      5       14
..................................................................


WIND (MPH)
  HIGHEST WIND SPEED    23   HIGHEST WIND DIRECTION     S (180)
  HIGHEST GUST SPEED    37   HIGHEST GUST DIRECTION    SE (140)
  AVERAGE WIND SPEED    11.7


SKY COVER
  POSSIBLE SUNSHINE  MM
  AVERAGE SKY COVER 0.3


WEATHER CONDITIONS
 THE FOLLOWING WEATHER WAS RECORDED YESTERDAY.
  LIGHT RAIN


RELATIVE HUMIDITY (PERCENT)
 HIGHEST    66           700 PM
 LOWEST     31           200 PM
 AVERAGE    49

..........................................................


THE MANSFIELD OH CLIMATE NORMALS FOR TODAY
                         NORMAL    RECORD    YEAR
 MAXIMUM TEMPERATURE (F)   63        87      1925
 MINIMUM TEMPERATURE (F)   41        24      1930


SUNRISE AND SUNSET
APRIL 24 2018.........SUNRISE   638 AM EDT   SUNSET   819 PM EDT
APRIL 25 2018.........SUNRISE   637 AM EDT   SUNSET   820 PM EDT


-  INDICATES NEGATIVE NUMBERS.
R  INDICATES RECORD WAS SET OR TIED.
MM INDICATES DATA IS MISSING.
T  INDICATES TRACE AMOUNT.




$$
