000
CDUS41 KCLE 192120
CLIMFD


CLIMATE REPORT
NATIONAL WEATHER SERVICE CLEVELAND OH
520 PM EDT SAT MAY 19 2018


...................................

...THE MANSFIELD OH CLIMATE SUMMARY FOR MAY 19 2018...
VALID TODAY AS OF 0500 PM LOCAL TIME.

CLIMATE NORMAL PERIOD 1981 TO 2010
CLIMATE RECORD PERIOD 1916 TO 2018


WEATHER ITEM   OBSERVED TIME   RECORD YEAR NORMAL DEPARTURE LAST
                VALUE   (LST)  VALUE       VALUE  FROM      YEAR
                                                  NORMAL
..................................................................
TEMPERATURE (F)
 TODAY
  MAXIMUM         81    202 PM  88    1964  70     11       69
  MINIMUM         61    539 AM  32    2002  49     12       49
  AVERAGE         71                        60     11       59

PRECIPITATION (IN)
  TODAY            0.11                      0.14  -0.03     0.61
  MONTH TO DATE    1.59                      2.62  -1.03     3.85
  SINCE MAR 1      9.44                     10.15  -0.71    11.61
  SINCE JAN 1     16.59                     15.41   1.18    19.47

SNOWFALL (IN)
  TODAY            0.0                       0.0    0.0      0.0
  MONTH TO DATE    0.0                       0.0    0.0      0.0
  SINCE MAR 1     16.3                      10.4    5.9     15.0
  SINCE JUL 1     46.3                      48.3   -2.0     36.6
  SNOW DEPTH       0

DEGREE DAYS
 HEATING
  TODAY            0                         7     -7        6
  MONTH TO DATE   36                       168   -132      196
  SINCE MAR 1   1634                      1528    106     1301
  SINCE JUL 1   5954                      6153   -199     4971

 COOLING
  TODAY            6                         1      5        0
  MONTH TO DATE   31                        14     17       26
  SINCE MAR 1     36                        22     14       44
  SINCE JAN 1     37                        22     15       44
..................................................................


WIND (MPH)
  HIGHEST WIND SPEED    18   HIGHEST WIND DIRECTION     S (200)
  HIGHEST GUST SPEED    25   HIGHEST GUST DIRECTION     S (180)


SKY COVER
  POSSIBLE SUNSHINE  MM
  AVERAGE SKY COVER 0.5


WEATHER CONDITIONS
 THE FOLLOWING WEATHER WAS RECORDED TODAY.
  THUNDERSTORM
  LIGHT RAIN
  FOG


RELATIVE HUMIDITY (PERCENT)
 HIGHEST    93          1200 AM
 LOWEST     58           200 PM
 AVERAGE    76

..........................................................


THE MANSFIELD OH CLIMATE NORMALS FOR TOMORROW
                         NORMAL    RECORD    YEAR
 MAXIMUM TEMPERATURE (F)   71        89      1962
 MINIMUM TEMPERATURE (F)   49        32      1945


SUNRISE AND SUNSET
MAY 19 2018...........SUNRISE   609 AM EDT   SUNSET   844 PM EDT
MAY 20 2018...........SUNRISE   608 AM EDT   SUNSET   845 PM EDT


-  INDICATES NEGATIVE NUMBERS.
R  INDICATES RECORD WAS SET OR TIED.
MM INDICATES DATA IS MISSING.
T  INDICATES TRACE AMOUNT.




$$
