000
CDUS41 KCLE 200610
CLIMFD


CLIMATE REPORT
NATIONAL WEATHER SERVICE CLEVELAND OH
209 AM EDT FRI APR 20 2018


...................................

...THE MANSFIELD OH CLIMATE SUMMARY FOR APRIL 19 2018...

CLIMATE NORMAL PERIOD 1981 TO 2010
CLIMATE RECORD PERIOD 1916 TO 2018


WEATHER ITEM   OBSERVED TIME   RECORD YEAR NORMAL DEPARTURE LAST
                VALUE   (LST)  VALUE       VALUE  FROM      YEAR
                                                  NORMAL
..................................................................
TEMPERATURE (F)
 YESTERDAY
  MAXIMUM         50    559 PM  83    2002  61    -11       78
  MINIMUM         31   1159 PM  24    1926  39     -8       58
  AVERAGE         41                        50     -9       68

PRECIPITATION (IN)
  YESTERDAY        0.12                      0.14  -0.02     0.29
  MONTH TO DATE    3.67                      2.66   1.01     2.47
  SINCE MAR 1      7.34                      6.05   1.29     6.23
  SINCE JAN 1     14.49                     11.31   3.18    14.09

SNOWFALL (IN)
  YESTERDAY        1.2                       0.0    1.2      0.0
  MONTH TO DATE    5.2                       2.2    3.0      4.3
  SINCE MAR 1     16.3                      10.0    6.3     15.0
  SINCE JUL 1     46.3                      47.9   -1.6     36.6
  SNOW DEPTH       1

DEGREE DAYS
 HEATING
  YESTERDAY       24                        15      9        0
  MONTH TO DATE  453                       350    103      205
  SINCE MAR 1   1418                      1215    203     1027
  SINCE JUL 1   5738                      5840   -102     4697

 COOLING
  YESTERDAY        0                         0      0        3
  MONTH TO DATE    5                         0      5       11
  SINCE MAR 1      5                         1      4       11
  SINCE JAN 1      6                         1      5       11
..................................................................


WIND (MPH)
  HIGHEST WIND SPEED    23   HIGHEST WIND DIRECTION    NW (330)
  HIGHEST GUST SPEED    30   HIGHEST GUST DIRECTION    NW (320)
  AVERAGE WIND SPEED    12.0


SKY COVER
  POSSIBLE SUNSHINE  MM
  AVERAGE SKY COVER 0.6


WEATHER CONDITIONS
 THE FOLLOWING WEATHER WAS RECORDED YESTERDAY.
  SNOW
  LIGHT SNOW
  FOG


RELATIVE HUMIDITY (PERCENT)
 HIGHEST   100           600 AM
 LOWEST     39           500 PM
 AVERAGE    70

..........................................................


THE MANSFIELD OH CLIMATE NORMALS FOR TODAY
                         NORMAL    RECORD    YEAR
 MAXIMUM TEMPERATURE (F)   61        82      1987
                                             1985
 MINIMUM TEMPERATURE (F)   40        24      1926


SUNRISE AND SUNSET
APRIL 20 2018.........SUNRISE   644 AM EDT   SUNSET   815 PM EDT
APRIL 21 2018.........SUNRISE   642 AM EDT   SUNSET   816 PM EDT


-  INDICATES NEGATIVE NUMBERS.
R  INDICATES RECORD WAS SET OR TIED.
MM INDICATES DATA IS MISSING.
T  INDICATES TRACE AMOUNT.




$$
