903
CDUS41 KCLE 242114
CLIMFD


CLIMATE REPORT
NATIONAL WEATHER SERVICE CLEVELAND OH
512 PM EDT TUE APR 24 2018


...................................

...THE MANSFIELD OH CLIMATE SUMMARY FOR APRIL 24 2018...
VALID TODAY AS OF 0500 PM LOCAL TIME.

CLIMATE NORMAL PERIOD 1981 TO 2010
CLIMATE RECORD PERIOD 1916 TO 2018


WEATHER ITEM   OBSERVED TIME   RECORD YEAR NORMAL DEPARTURE LAST
                VALUE   (LST)  VALUE       VALUE  FROM      YEAR
                                                  NORMAL
..................................................................
TEMPERATURE (F)
 TODAY
  MAXIMUM         57   1259 AM  87    1925  63     -6       73
  MINIMUM         50   1117 AM  24    1930  41      9       43
  AVERAGE         54                        52      2       58

PRECIPITATION (IN)
  TODAY            0.38                      0.13   0.25     0.00
  MONTH TO DATE    4.08                      3.34   0.74     2.53
  SINCE MAR 1      7.75                      6.73   1.02     6.29
  SINCE JAN 1     14.90                     11.99   2.91    14.15

SNOWFALL (IN)
  TODAY            0.0                       0.0    0.0      0.0
  MONTH TO DATE    5.2                       2.4    2.8      4.3
  SINCE MAR 1     16.3                      10.2    6.1     15.0
  SINCE JUL 1     46.3                      48.1   -1.8     36.6
  SNOW DEPTH       0

DEGREE DAYS
 HEATING
  TODAY           11                        13     -2        7
  MONTH TO DATE  530                       420    110      254
  SINCE MAR 1   1495                      1285    210     1076
  SINCE JUL 1   5815                      5910    -95     4746

 COOLING
  TODAY            0                         0      0        0
  MONTH TO DATE    5                         0      5       14
  SINCE MAR 1      5                         1      4       14
  SINCE JAN 1      6                         1      5       14
..................................................................


WIND (MPH)
  HIGHEST WIND SPEED    20   HIGHEST WIND DIRECTION    SE (130)
  HIGHEST GUST SPEED    28   HIGHEST GUST DIRECTION    SE (140)


SKY COVER
  POSSIBLE SUNSHINE  MM
  AVERAGE SKY COVER 0.9


WEATHER CONDITIONS
 THE FOLLOWING WEATHER WAS RECORDED TODAY.
  LIGHT RAIN
  FOG


RELATIVE HUMIDITY (PERCENT)
 HIGHEST    96           800 AM
 LOWEST     57          1200 AM
 AVERAGE    77

..........................................................


THE MANSFIELD OH CLIMATE NORMALS FOR TOMORROW
                         NORMAL    RECORD    YEAR
 MAXIMUM TEMPERATURE (F)   63        85      2009
                                             1990
 MINIMUM TEMPERATURE (F)   41        24      1919


SUNRISE AND SUNSET
APRIL 24 2018.........SUNRISE   638 AM EDT   SUNSET   819 PM EDT
APRIL 25 2018.........SUNRISE   637 AM EDT   SUNSET   820 PM EDT


-  INDICATES NEGATIVE NUMBERS.
R  INDICATES RECORD WAS SET OR TIED.
MM INDICATES DATA IS MISSING.
T  INDICATES TRACE AMOUNT.




$$
