839
CDUS41 KCLE 230545
CLIMFD


CLIMATE REPORT
NATIONAL WEATHER SERVICE CLEVELAND OH
145 AM EDT MON APR 23 2018


...................................

...THE MANSFIELD OH CLIMATE SUMMARY FOR APRIL 22 2018...

CLIMATE NORMAL PERIOD 1981 TO 2010
CLIMATE RECORD PERIOD 1916 TO 2018


WEATHER ITEM   OBSERVED TIME   RECORD YEAR NORMAL DEPARTURE LAST
                VALUE   (LST)  VALUE       VALUE  FROM      YEAR
                                                  NORMAL
..................................................................
TEMPERATURE (F)
 YESTERDAY
  MAXIMUM         65    355 PM  84    1985  62      3       52
  MINIMUM         39    501 AM  23    1922  40     -1       40
  AVERAGE         52                        51      1       46

PRECIPITATION (IN)
  YESTERDAY        0.00                      0.14  -0.14     0.00
  MONTH TO DATE    3.67                      3.07   0.60     2.53
  SINCE MAR 1      7.34                      6.46   0.88     6.29
  SINCE JAN 1     14.49                     11.72   2.77    14.15

SNOWFALL (IN)
  YESTERDAY        0.0                       0.1   -0.1      0.0
  MONTH TO DATE    5.2                       2.4    2.8      4.3
  SINCE MAR 1     16.3                      10.2    6.1     15.0
  SINCE JUL 1     46.3                      48.1   -1.8     36.6
  SNOW DEPTH       0

DEGREE DAYS
 HEATING
  YESTERDAY       13                        14     -1       19
  MONTH TO DATE  513                       393    120      234
  SINCE MAR 1   1478                      1258    220     1056
  SINCE JUL 1   5798                      5883    -85     4726

 COOLING
  YESTERDAY        0                         0      0        0
  MONTH TO DATE    5                         0      5       14
  SINCE MAR 1      5                         1      4       14
  SINCE JAN 1      6                         1      5       14
..................................................................


WIND (MPH)
  HIGHEST WIND SPEED    16   HIGHEST WIND DIRECTION    NE (50)
  HIGHEST GUST SPEED    24   HIGHEST GUST DIRECTION    NE (40)
  AVERAGE WIND SPEED     8.7


SKY COVER
  POSSIBLE SUNSHINE  MM
  AVERAGE SKY COVER 0.0


WEATHER CONDITIONS
 THE FOLLOWING WEATHER WAS RECORDED YESTERDAY.
  NO SIGNIFICANT WEATHER WAS OBSERVED.


RELATIVE HUMIDITY (PERCENT)
 HIGHEST    59           600 AM
 LOWEST     20           300 PM
 AVERAGE    40

..........................................................


THE MANSFIELD OH CLIMATE NORMALS FOR TODAY
                         NORMAL    RECORD    YEAR
 MAXIMUM TEMPERATURE (F)   62        86      1925
 MINIMUM TEMPERATURE (F)   41        22      1959
                                             1936


SUNRISE AND SUNSET
APRIL 23 2018.........SUNRISE   639 AM EDT   SUNSET   818 PM EDT
APRIL 24 2018.........SUNRISE   638 AM EDT   SUNSET   819 PM EDT


-  INDICATES NEGATIVE NUMBERS.
R  INDICATES RECORD WAS SET OR TIED.
MM INDICATES DATA IS MISSING.
T  INDICATES TRACE AMOUNT.




$$
