000
CDUS41 KCLE 150545
CLIMFD


CLIMATE REPORT
NATIONAL WEATHER SERVICE CLEVELAND OH
145 AM EDT TUE MAY 15 2018


...................................

...THE MANSFIELD OH CLIMATE SUMMARY FOR MAY 14 2018...

CLIMATE NORMAL PERIOD 1981 TO 2010
CLIMATE RECORD PERIOD 1916 TO 2018


WEATHER ITEM   OBSERVED TIME   RECORD YEAR NORMAL DEPARTURE LAST
                VALUE   (LST)  VALUE       VALUE  FROM      YEAR
                                                  NORMAL
..................................................................
TEMPERATURE (F)
 YESTERDAY
  MAXIMUM         77    326 PM  89    1962  69      8       75
  MINIMUM         56    500 AM  31    1996  48      8       50
  AVERAGE         67                        58      9       63

PRECIPITATION (IN)
  YESTERDAY        0.08                      0.14  -0.06     0.00
  MONTH TO DATE    1.33                      1.90  -0.57     2.90
  SINCE MAR 1      9.18                      9.43  -0.25    10.66
  SINCE JAN 1     16.33                     14.69   1.64    18.52

SNOWFALL (IN)
  YESTERDAY        0.0                       0.0    0.0      0.0
  MONTH TO DATE    0.0                       0.0    0.0      0.0
  SINCE MAR 1     16.3                      10.4    5.9     15.0
  SINCE JUL 1     46.3                      48.3   -2.0     36.6
  SNOW DEPTH       0

DEGREE DAYS
 HEATING
  YESTERDAY        0                         8     -8        2
  MONTH TO DATE   36                       132    -96      182
  SINCE MAR 1   1634                      1492    142     1287
  SINCE JUL 1   5954                      6117   -163     4957

 COOLING
  YESTERDAY        2                         1      1        0
  MONTH TO DATE   19                         9     10        0
  SINCE MAR 1     24                        17      7       18
  SINCE JAN 1     25                        17      8       18
..................................................................


WIND (MPH)
  HIGHEST WIND SPEED    22   HIGHEST WIND DIRECTION    NW (310)
  HIGHEST GUST SPEED    30   HIGHEST GUST DIRECTION    NW (300)
  AVERAGE WIND SPEED     6.4


SKY COVER
  POSSIBLE SUNSHINE  MM
  AVERAGE SKY COVER 0.3


WEATHER CONDITIONS
 THE FOLLOWING WEATHER WAS RECORDED YESTERDAY.
  RAIN
  LIGHT RAIN
  FOG
  HAZE


RELATIVE HUMIDITY (PERCENT)
 HIGHEST   100          1200 AM
 LOWEST     60           400 PM
 AVERAGE    80

..........................................................


THE MANSFIELD OH CLIMATE NORMALS FOR TODAY
                         NORMAL    RECORD    YEAR
 MAXIMUM TEMPERATURE (F)   69        89      1991
                                             1962
 MINIMUM TEMPERATURE (F)   48        32      1936


SUNRISE AND SUNSET
MAY 15 2018...........SUNRISE   613 AM EDT   SUNSET   841 PM EDT
MAY 16 2018...........SUNRISE   612 AM EDT   SUNSET   842 PM EDT


-  INDICATES NEGATIVE NUMBERS.
R  INDICATES RECORD WAS SET OR TIED.
MM INDICATES DATA IS MISSING.
T  INDICATES TRACE AMOUNT.




$$
