000
CDUS41 KCLE 112115
CLIMFD


CLIMATE REPORT
NATIONAL WEATHER SERVICE CLEVELAND OH
513 PM EDT FRI MAY 11 2018


...................................

...THE MANSFIELD OH CLIMATE SUMMARY FOR MAY 11 2018...
VALID TODAY AS OF 0500 PM LOCAL TIME.

CLIMATE NORMAL PERIOD 1981 TO 2010
CLIMATE RECORD PERIOD 1916 TO 2018


WEATHER ITEM   OBSERVED TIME   RECORD YEAR NORMAL DEPARTURE LAST
                VALUE   (LST)  VALUE       VALUE  FROM      YEAR
                                                  NORMAL
..................................................................
TEMPERATURE (F)
 TODAY
  MAXIMUM         62    226 PM  88    1936  68     -6       64
  MINIMUM         47   1014 AM  26    1947  47      0       48
  AVERAGE         55                        57     -2       56

PRECIPITATION (IN)
  TODAY            0.01                      0.13  -0.12     0.84
  MONTH TO DATE    0.75                      1.47  -0.72     2.90
  SINCE MAR 1      8.60                      9.00  -0.40    10.66
  SINCE JAN 1     15.75                     14.26   1.49    18.52

SNOWFALL (IN)
  TODAY            0.0                       0.0    0.0      0.0
  MONTH TO DATE    0.0                       0.0    0.0      0.0
  SINCE MAR 1     16.3                      10.4    5.9     15.0
  SINCE JUL 1     46.3                      48.3   -2.0     36.6
  SNOW DEPTH       0

DEGREE DAYS
 HEATING
  TODAY           10                         9      1        9
  MONTH TO DATE   30                       108    -78      158
  SINCE MAR 1   1628                      1468    160     1263
  SINCE JUL 1   5948                      6093   -145     4933

 COOLING
  TODAY            0                         1     -1        0
  MONTH TO DATE   17                         6     11        0
  SINCE MAR 1     22                        14      8       18
  SINCE JAN 1     23                        14      9       18
..................................................................


WIND (MPH)
  HIGHEST WIND SPEED    18   HIGHEST WIND DIRECTION    NE (40)
  HIGHEST GUST SPEED    24   HIGHEST GUST DIRECTION    NE (40)


SKY COVER
  POSSIBLE SUNSHINE  MM
  AVERAGE SKY COVER 0.7


WEATHER CONDITIONS
 THE FOLLOWING WEATHER WAS RECORDED TODAY.
  LIGHT RAIN


RELATIVE HUMIDITY (PERCENT)
 HIGHEST    83           100 AM
 LOWEST     43           100 PM
 AVERAGE    63

..........................................................


THE MANSFIELD OH CLIMATE NORMALS FOR TOMORROW
                         NORMAL    RECORD    YEAR
 MAXIMUM TEMPERATURE (F)   68        87      1991
 MINIMUM TEMPERATURE (F)   47        27      1938


SUNRISE AND SUNSET
MAY 11 2018...........SUNRISE   617 AM EDT   SUNSET   837 PM EDT
MAY 12 2018...........SUNRISE   616 AM EDT   SUNSET   838 PM EDT


-  INDICATES NEGATIVE NUMBERS.
R  INDICATES RECORD WAS SET OR TIED.
MM INDICATES DATA IS MISSING.
T  INDICATES TRACE AMOUNT.




$$
