544
CDUS41 KCLE 162112
CLIMFD


CLIMATE REPORT
NATIONAL WEATHER SERVICE CLEVELAND OH
511 PM EDT WED MAY 16 2018


...................................

...THE MANSFIELD OH CLIMATE SUMMARY FOR MAY 16 2018...
VALID TODAY AS OF 0500 PM LOCAL TIME.

CLIMATE NORMAL PERIOD 1981 TO 2010
CLIMATE RECORD PERIOD 1916 TO 2018


WEATHER ITEM   OBSERVED TIME   RECORD YEAR NORMAL DEPARTURE LAST
                VALUE   (LST)  VALUE       VALUE  FROM      YEAR
                                                  NORMAL
..................................................................
TEMPERATURE (F)
 TODAY
  MAXIMUM         74    352 PM  89    1962  69      5       86
  MINIMUM         57    327 AM  25    1959  48      9       54
  AVERAGE         66                        59      7       70

PRECIPITATION (IN)
  TODAY            T                         0.14  -0.14     0.00
  MONTH TO DATE    1.45                      2.19  -0.74     2.90
  SINCE MAR 1      9.30                      9.72  -0.42    10.66
  SINCE JAN 1     16.45                     14.98   1.47    18.52

SNOWFALL (IN)
  TODAY            0.0                       0.0    0.0      0.0
  MONTH TO DATE    0.0                       0.0    0.0      0.0
  SINCE MAR 1     16.3                      10.4    5.9     15.0
  SINCE JUL 1     46.3                      48.3   -2.0     36.6
  SNOW DEPTH       0

DEGREE DAYS
 HEATING
  TODAY            0                         7     -7        0
  MONTH TO DATE   36                       147   -111      190
  SINCE MAR 1   1634                      1507    127     1295
  SINCE JUL 1   5954                      6132   -178     4965

 COOLING
  TODAY            1                         1      0        5
  MONTH TO DATE   22                        11     11        5
  SINCE MAR 1     27                        19      8       23
  SINCE JAN 1     28                        19      9       23
..................................................................


WIND (MPH)
  HIGHEST WIND SPEED    12   HIGHEST WIND DIRECTION     N (20)
  HIGHEST GUST SPEED    13   HIGHEST GUST DIRECTION    NE (30)


SKY COVER
  POSSIBLE SUNSHINE  MM
  AVERAGE SKY COVER 0.5


WEATHER CONDITIONS
 THE FOLLOWING WEATHER WAS RECORDED TODAY.
  LIGHT RAIN


RELATIVE HUMIDITY (PERCENT)
 HIGHEST    86           600 AM
 LOWEST     61           300 PM
 AVERAGE    74

..........................................................


THE MANSFIELD OH CLIMATE NORMALS FOR TOMORROW
                         NORMAL    RECORD    YEAR
 MAXIMUM TEMPERATURE (F)   70        91      1962
 MINIMUM TEMPERATURE (F)   48        31      1935


SUNRISE AND SUNSET
MAY 16 2018...........SUNRISE   612 AM EDT   SUNSET   842 PM EDT
MAY 17 2018...........SUNRISE   611 AM EDT   SUNSET   843 PM EDT


-  INDICATES NEGATIVE NUMBERS.
R  INDICATES RECORD WAS SET OR TIED.
MM INDICATES DATA IS MISSING.
T  INDICATES TRACE AMOUNT.




$$
