000
CDUS41 KCLE 302116
CLIMFD


CLIMATE REPORT
NATIONAL WEATHER SERVICE CLEVELAND OH
515 PM EDT MON APR 30 2018


...................................

...THE MANSFIELD OH CLIMATE SUMMARY FOR APRIL 30 2018...
VALID TODAY AS OF 0500 PM LOCAL TIME.

CLIMATE NORMAL PERIOD 1981 TO 2010
CLIMATE RECORD PERIOD 1916 TO 2018


WEATHER ITEM   OBSERVED TIME   RECORD YEAR NORMAL DEPARTURE LAST
                VALUE   (LST)  VALUE       VALUE  FROM      YEAR
                                                  NORMAL
..................................................................
TEMPERATURE (F)
 TODAY
  MAXIMUM         70    225 PM  87    1942  65      5       82
  MINIMUM         41    615 AM  23    1958  43     -2       49
  AVERAGE         56                        54      2       66

PRECIPITATION (IN)
  TODAY            0.00                      0.13  -0.13     0.01
  MONTH TO DATE    4.18                      4.14   0.04     4.00
  SINCE MAR 1      7.85                      7.53   0.32     7.76
  SINCE JAN 1     15.00                     12.79   2.21    15.62

SNOWFALL (IN)
  TODAY            0.0                       0.0    0.0      0.0
  MONTH TO DATE    5.2                       2.6    2.6      4.3
  SINCE MAR 1     16.3                      10.4    5.9     15.0
  SINCE JUL 1     46.3                      48.3   -2.0     36.6
  SNOW DEPTH       0

DEGREE DAYS
 HEATING
  TODAY            9                        12     -3        0
  MONTH TO DATE  633                       494    139      283
  SINCE MAR 1   1598                      1360    238     1105
  SINCE JUL 1   5918                      5985    -67     4775

 COOLING
  TODAY            0                         0      0        1
  MONTH TO DATE    5                         7     -2       18
  SINCE MAR 1      5                         8     -3       18
  SINCE JAN 1      6                         8     -2       18
..................................................................


WIND (MPH)
  HIGHEST WIND SPEED    17   HIGHEST WIND DIRECTION    SW (230)
  HIGHEST GUST SPEED    23   HIGHEST GUST DIRECTION     S (180)


SKY COVER
  POSSIBLE SUNSHINE  MM
  AVERAGE SKY COVER 0.0


WEATHER CONDITIONS
 THE FOLLOWING WEATHER WAS RECORDED TODAY.
  NO SIGNIFICANT WEATHER WAS OBSERVED.


RELATIVE HUMIDITY (PERCENT)
 HIGHEST    51          1200 AM
 LOWEST     15           300 PM
 AVERAGE    33

..........................................................


THE MANSFIELD OH CLIMATE NORMALS FOR TOMORROW
                         NORMAL    RECORD    YEAR
 MAXIMUM TEMPERATURE (F)   65        88      1942
 MINIMUM TEMPERATURE (F)   43        26      1978


SUNRISE AND SUNSET
APRIL 30 2018.........SUNRISE   630 AM EDT   SUNSET   825 PM EDT
MAY  1 2018...........SUNRISE   628 AM EDT   SUNSET   826 PM EDT


-  INDICATES NEGATIVE NUMBERS.
R  INDICATES RECORD WAS SET OR TIED.
MM INDICATES DATA IS MISSING.
T  INDICATES TRACE AMOUNT.




$$
