334
CDUS41 KCLE 140534
CLIMFD


CLIMATE REPORT
NATIONAL WEATHER SERVICE CLEVELAND OH
134 AM EDT SAT APR 14 2018


...................................

...THE MANSFIELD OH CLIMATE SUMMARY FOR APRIL 13 2018...

CLIMATE NORMAL PERIOD 1981 TO 2010
CLIMATE RECORD PERIOD 1916 TO 2018


WEATHER ITEM   OBSERVED TIME   RECORD YEAR NORMAL DEPARTURE LAST
                VALUE   (LST)  VALUE       VALUE  FROM      YEAR
                                                  NORMAL
..................................................................
TEMPERATURE (F)
 YESTERDAY
  MAXIMUM         79    329 PM  84    1941  58     21       58
  MINIMUM         60   1133 PM  16    1950  37     23       42
  AVERAGE         70                        48     22       50

PRECIPITATION (IN)
  YESTERDAY        0.00                      0.14  -0.14     0.00
  MONTH TO DATE    1.95                      1.82   0.13     1.98
  SINCE MAR 1      5.62                      5.21   0.41     5.74
  SINCE JAN 1     12.77                     10.47   2.30    13.60

SNOWFALL (IN)
  YESTERDAY        0.0                       0.1   -0.1      0.0
  MONTH TO DATE    3.7                       1.7    2.0      4.3
  SINCE MAR 1     14.8                       9.5    5.3     15.0
  SINCE JUL 1     44.8                      47.4   -2.6     36.6
  SNOW DEPTH       0

DEGREE DAYS
 HEATING
  YESTERDAY        0                        17    -17       15
  MONTH TO DATE  311                       255     56      185
  SINCE MAR 1   1276                      1120    156     1007
  SINCE JUL 1   5596                      5745   -149     4677

 COOLING
  YESTERDAY        5                         0      5        0
  MONTH TO DATE    5                         0      5        3
  SINCE MAR 1      5                         1      4        3
  SINCE JAN 1      6                         1      5        3
..................................................................


WIND (MPH)
  HIGHEST WIND SPEED    31   HIGHEST WIND DIRECTION     S (200)
  HIGHEST GUST SPEED    41   HIGHEST GUST DIRECTION     S (190)
  AVERAGE WIND SPEED    16.1


SKY COVER
  POSSIBLE SUNSHINE  MM
  AVERAGE SKY COVER 0.1


WEATHER CONDITIONS
 THE FOLLOWING WEATHER WAS RECORDED YESTERDAY.
  NO SIGNIFICANT WEATHER WAS OBSERVED.


RELATIVE HUMIDITY (PERCENT)
 HIGHEST    52          1100 PM
 LOWEST     30           300 PM
 AVERAGE    41

..........................................................


THE MANSFIELD OH CLIMATE NORMALS FOR TODAY
                         NORMAL    RECORD    YEAR
 MAXIMUM TEMPERATURE (F)   59        82      1941
 MINIMUM TEMPERATURE (F)   38        14      1957


SUNRISE AND SUNSET
APRIL 14 2018.........SUNRISE   653 AM EDT   SUNSET   809 PM EDT
APRIL 15 2018.........SUNRISE   651 AM EDT   SUNSET   810 PM EDT


-  INDICATES NEGATIVE NUMBERS.
R  INDICATES RECORD WAS SET OR TIED.
MM INDICATES DATA IS MISSING.
T  INDICATES TRACE AMOUNT.




$$
