872
CDUS41 KCLE 132118
CLIMFD


CLIMATE REPORT
NATIONAL WEATHER SERVICE CLEVELAND OH
514 PM EDT SUN MAY 13 2018


...................................

...THE MANSFIELD OH CLIMATE SUMMARY FOR MAY 13 2018...
VALID TODAY AS OF 0500 PM LOCAL TIME.

CLIMATE NORMAL PERIOD 1981 TO 2010
CLIMATE RECORD PERIOD 1916 TO 2018


WEATHER ITEM   OBSERVED TIME   RECORD YEAR NORMAL DEPARTURE LAST
                VALUE   (LST)  VALUE       VALUE  FROM      YEAR
                                                  NORMAL
..................................................................
TEMPERATURE (F)
 TODAY
  MAXIMUM         73    354 PM  86    1991  69      4       70
  MINIMUM         49    647 AM  28    1946  47      2       39
  AVERAGE         61                        58      3       55

PRECIPITATION (IN)
  TODAY            0.33                      0.15   0.18     0.00
  MONTH TO DATE    1.25                      1.76  -0.51     2.90
  SINCE MAR 1      9.10                      9.29  -0.19    10.66
  SINCE JAN 1     16.25                     14.55   1.70    18.52

SNOWFALL (IN)
  TODAY            0.0                       0.0    0.0      0.0
  MONTH TO DATE    0.0                       0.0    0.0      0.0
  SINCE MAR 1     16.3                      10.4    5.9     15.0
  SINCE JUL 1     46.3                      48.3   -2.0     36.6
  SNOW DEPTH       0

DEGREE DAYS
 HEATING
  TODAY            4                         8     -4       10
  MONTH TO DATE   36                       124    -88      180
  SINCE MAR 1   1634                      1484    150     1285
  SINCE JUL 1   5954                      6109   -155     4955

 COOLING
  TODAY            0                         1     -1        0
  MONTH TO DATE   17                         8      9        0
  SINCE MAR 1     22                        16      6       18
  SINCE JAN 1     23                        16      7       18
..................................................................


WIND (MPH)
  HIGHEST WIND SPEED    23   HIGHEST WIND DIRECTION    NW (330)
  HIGHEST GUST SPEED    28   HIGHEST GUST DIRECTION    NW (330)


SKY COVER
  POSSIBLE SUNSHINE  MM
  AVERAGE SKY COVER 0.8


WEATHER CONDITIONS
 THE FOLLOWING WEATHER WAS RECORDED TODAY.
  THUNDERSTORM
  HEAVY RAIN
  RAIN
  LIGHT RAIN
  FOG


RELATIVE HUMIDITY (PERCENT)
 HIGHEST   100          1200 AM
 LOWEST     68           400 PM
 AVERAGE    84

..........................................................


THE MANSFIELD OH CLIMATE NORMALS FOR TOMORROW
                         NORMAL    RECORD    YEAR
 MAXIMUM TEMPERATURE (F)   69        89      1962
 MINIMUM TEMPERATURE (F)   48        31      1996


SUNRISE AND SUNSET
MAY 13 2018...........SUNRISE   615 AM EDT   SUNSET   839 PM EDT
MAY 14 2018...........SUNRISE   614 AM EDT   SUNSET   840 PM EDT


-  INDICATES NEGATIVE NUMBERS.
R  INDICATES RECORD WAS SET OR TIED.
MM INDICATES DATA IS MISSING.
T  INDICATES TRACE AMOUNT.




$$
