000
CXUS51 KCLE 051029
CLMMFD


CLIMATE REPORT
NATIONAL WEATHER SERVICE CLEVELAND OH
528 AM EST MON MAR 5 2018

...................................

...THE MANSFIELD OH CLIMATE SUMMARY FOR THE MONTH OF FEBRUARY 2018...

CLIMATE NORMAL PERIOD 1981 TO 2010
CLIMATE RECORD PERIOD 1916 TO 2018

WEATHER         OBSERVED          NORMAL  DEPART  LAST YEAR`S
                 VALUE   DATE(S)  VALUE   FROM    VALUE
                                          NORMAL
.............................................................
TEMPERATURE (F)
RECORD
 HIGH              74   02/24/2017
 LOW              -11   02/15/2015
                        02/10/1982
                        02/17/1979
HIGHEST            72   02/20
LOWEST              2   02/05
AVG. MAXIMUM     43.6              36.3     7.3     49.1
AVG. MINIMUM     26.2              20.5     5.7     31.1
MEAN             34.9              28.4     6.5     40.1
DAYS MAX >= 90      0               0.0     0.0        0
DAYS MAX <= 32      6              10.5    -4.5        5
DAYS MIN <= 32     20              24.2    -4.2       18
DAYS MIN <= 0       0               1.3    -1.3        0

PRECIPITATION (INCHES)
RECORD
 MAXIMUM         6.05   2008
 MINIMUM         0.29   1978
TOTALS           4.64              2.39    2.25     1.95
DAYS >= .01        16              12.9     3.1        9
DAYS >= .10        11               5.9     5.1        4
DAYS >= .50         3               1.3     1.7        2
DAYS >= 1.00        0               0.2    -0.2        0
GREATEST
 24 HR. TOTAL    0.92   02/19 TO 02/19              0.74

SNOWFALL (INCHES)
RECORDS
 TOTAL           49.2   2010
TOTALS            8.1              11.4    -3.3      3.8
SINCE 7/1        30.0              37.9    -7.9     21.6
DAYS >= 1.0         3               3.6    -0.6        2
GREATEST
 24 HR TOTAL      3.2   02/07 TO 02/07

DEGREE_DAYS
HEATING TOTAL     837              1025    -188      691
 SINCE 7/1       4320              4625    -305     3670
COOLING TOTAL       1                 0       1        0
 SINCE 1/1          1                 0       1        0
..............................................................

WIND (MPH)
AVERAGE WIND SPEED              10.5
HIGHEST WIND SPEED/DIRECTION    38/200    DATE  02/20
HIGHEST GUST SPEED/DIRECTION    50/180    DATE  02/20

SKY COVER
AVERAGE SKY COVER           0.70

AVERAGE RH (PERCENT)     77

WEATHER CONDITIONS. NUMBER OF DAYS WITH
THUNDERSTORM              0     MIXED PRECIP               0
HEAVY RAIN                2     RAIN                       2
LIGHT RAIN               11     FREEZING RAIN              0
LT FREEZING RAIN          4     HAIL                       0
HEAVY SNOW                0     SNOW                       0
LIGHT SNOW               11     SLEET                      0
FOG                      18     FOG W/VIS <= 1/4 MILE      4
HAZE                      7

-  INDICATES NEGATIVE NUMBERS.
R  INDICATES RECORD WAS SET OR TIED.
MM INDICATES DATA IS MISSING.
T  INDICATES TRACE AMOUNT.

$$
