596
CXUS51 KCLE 061457
CLMMFD


CLIMATE REPORT
NATIONAL WEATHER SERVICE CLEVELAND OH
1047 AM EDT SUN MAY 6 2018

...................................

...THE MANSFIELD OH CLIMATE SUMMARY FOR THE MONTH OF APRIL 2018...

CLIMATE NORMAL PERIOD 1981 TO 2010
CLIMATE RECORD PERIOD 1916 TO 2018

WEATHER         OBSERVED          NORMAL  DEPART  LAST YEAR`S
                 VALUE   DATE(S)  VALUE   FROM    VALUE
                                          NORMAL
.............................................................
TEMPERATURE (F)
RECORD
 HIGH              86   04/27/1990
 LOW                8   04/07/1982
HIGHEST            79   04/13
LOWEST             21   04/08
AVG. MAXIMUM     54.8              59.3    -4.5     67.4
AVG. MINIMUM     32.9              38.2    -5.3     44.5
MEAN             43.8              48.8    -5.0     55.9
DAYS MAX >= 90      0               0.0     0.0        0
DAYS MAX <= 32      0               0.3    -0.3        0
DAYS MIN <= 32     18               8.5     9.5        3
DAYS MIN <= 0       0               0.0     0.0        0

PRECIPITATION (INCHES)
RECORD
 MAXIMUM         8.68   1996
 MINIMUM         0.75   1971
TOTALS           4.18              4.14    0.04     4.00
DAYS >= .01        18              14.5     3.5       14
DAYS >= .10         7               8.7    -1.7       10
DAYS >= .50         2               2.8    -0.8        2
DAYS >= 1.00        2               0.8     1.2        0
GREATEST
 24 HR. TOTAL    1.51   04/03 TO 04/03              1.43

SNOWFALL (INCHES)
RECORDS
 TOTAL           18.1   2005
TOTALS            5.2               2.6     2.6      4.3
SINCE 7/1        46.3              48.3    -2.0     36.6
DAYS >= 1.0         3               0.7     2.3        2
GREATEST
 24 HR TOTAL      1.8   04/01 TO 04/01

DEGREE_DAYS
HEATING TOTAL     633               495     138      283
 SINCE 7/1       5918              5985     -67     4775
COOLING TOTAL       5                 7      -2       18
 SINCE 1/1          6                 8      -2       18
..............................................................

WIND (MPH)
AVERAGE WIND SPEED              9.5
HIGHEST WIND SPEED/DIRECTION    37/150    DATE  04/03
HIGHEST GUST SPEED/DIRECTION    47/240    DATE  04/27

SKY COVER
AVERAGE SKY COVER           0.50

AVERAGE RH (PERCENT)     67


-  INDICATES NEGATIVE NUMBERS.
R  INDICATES RECORD WAS SET OR TIED.
MM INDICATES DATA IS MISSING.
T  INDICATES TRACE AMOUNT.

$$
