000
CDUS41 KCLE 210545
CLITOL


CLIMATE REPORT
NATIONAL WEATHER SERVICE CLEVELAND OH
145 AM EDT SAT APR 21 2018


...................................

...THE TOLEDO OH CLIMATE SUMMARY FOR APRIL 20 2018...

CLIMATE NORMAL PERIOD 1981 TO 2010
CLIMATE RECORD PERIOD 1873 TO 2018


WEATHER ITEM   OBSERVED TIME   RECORD YEAR NORMAL DEPARTURE LAST
                VALUE   (LST)  VALUE       VALUE  FROM      YEAR
                                                  NORMAL
..................................................................
TEMPERATURE (F)
 YESTERDAY
  MAXIMUM         60    259 PM  84    1985  62     -2       80
  MINIMUM         29    518 AM  21    1897  40    -11       50
  AVERAGE         45                        51     -6       65

PRECIPITATION (IN)
  YESTERDAY        0.00                      0.10  -0.10     0.80
  MONTH TO DATE    2.28                      2.13   0.15     2.29
  SINCE MAR 1      5.45                      4.61   0.84     5.93
  SINCE JAN 1     10.44                      8.73   1.71    11.70

SNOWFALL (IN)
  YESTERDAY        0.0                       0.1   -0.1      0.0
  MONTH TO DATE    1.6                       1.2    0.4      0.7
  SINCE MAR 1      3.5                       6.9   -3.4      5.4
  SINCE JUL 1     34.3                      37.4   -3.1     22.4
  SNOW DEPTH       0

DEGREE DAYS
 HEATING
  YESTERDAY       20                        14      6        0
  MONTH TO DATE  502                       353    149      229
  SINCE MAR 1   1421                      1203    218     1101
  SINCE JUL 1   5825                      5779     46     4946

 COOLING
  YESTERDAY        0                         0      0        0
  MONTH TO DATE    0                         0      0        3
  SINCE MAR 1      0                         0      0        3
  SINCE JAN 1      0                         0      0        3
..................................................................


WIND (MPH)
  HIGHEST WIND SPEED    15   HIGHEST WIND DIRECTION     N (360)
  HIGHEST GUST SPEED    20   HIGHEST GUST DIRECTION     N (10)
  AVERAGE WIND SPEED     5.5


SKY COVER
  POSSIBLE SUNSHINE  MM
  AVERAGE SKY COVER 0.0


WEATHER CONDITIONS
 THE FOLLOWING WEATHER WAS RECORDED YESTERDAY.
  NO SIGNIFICANT WEATHER WAS OBSERVED.


RELATIVE HUMIDITY (PERCENT)
 HIGHEST    89          1200 AM
 LOWEST     19           500 PM
 AVERAGE    54

..........................................................


THE TOLEDO OH CLIMATE NORMALS FOR TODAY
                         NORMAL    RECORD    YEAR
 MAXIMUM TEMPERATURE (F)   62        87      1987
 MINIMUM TEMPERATURE (F)   41        22      1875


SUNRISE AND SUNSET
APRIL 21 2018.........SUNRISE   646 AM EDT   SUNSET   822 PM EDT
APRIL 22 2018.........SUNRISE   645 AM EDT   SUNSET   823 PM EDT


-  INDICATES NEGATIVE NUMBERS.
R  INDICATES RECORD WAS SET OR TIED.
MM INDICATES DATA IS MISSING.
T  INDICATES TRACE AMOUNT.




$$
