652
CDUS41 KCLE 151537
CLITOL


CLIMATE REPORT
NATIONAL WEATHER SERVICE CLEVELAND OH
1133 AM EDT SUN APR 15 2018


...................................

...THE TOLEDO OH CLIMATE SUMMARY FOR APRIL 14 2018...

CLIMATE NORMAL PERIOD 1981 TO 2010
CLIMATE RECORD PERIOD 1873 TO 2018


WEATHER ITEM   OBSERVED TIME   RECORD YEAR NORMAL DEPARTURE LAST
                VALUE   (LST)  VALUE       VALUE  FROM      YEAR
                                                  NORMAL
..................................................................
TEMPERATURE (F)
 YESTERDAY
  MAXIMUM         45    347 AM  85    1941  60    -15       61
  MINIMUM         34   1159 PM  20    1973  38     -4       44
  AVERAGE         40                        49     -9       53

PRECIPITATION (IN)
  YESTERDAY        0.63                      0.11   0.52     0.00
  MONTH TO DATE    1.32                      1.48  -0.16     1.02
  SINCE MAR 1      4.49                      3.96   0.53     4.66
  SINCE JAN 1      9.48                      8.08   1.40    10.43

SNOWFALL (IN)
  YESTERDAY        0.0                       0.0    0.0      0.0
  MONTH TO DATE    0.7                       0.9   -0.2      0.7
  SINCE MAR 1      2.6                       6.6   -4.0      5.4
  SINCE JUL 1     33.4                      37.1   -3.7     22.4
  SNOW DEPTH       0

DEGREE DAYS
 HEATING
  YESTERDAY       25                        16      9       12
  MONTH TO DATE  349                       262     87      212
  SINCE MAR 1   1268                      1112    156     1084
  SINCE JUL 1   5672                      5688    -16     4929

 COOLING
  YESTERDAY        0                         0      0        0
  MONTH TO DATE    0                         0      0        2
  SINCE MAR 1      0                         0      0        2
  SINCE JAN 1      0                         0      0        2
..................................................................


WIND (MPH)
  HIGHEST WIND SPEED    31   HIGHEST WIND DIRECTION     E (70)
  HIGHEST GUST SPEED    41   HIGHEST GUST DIRECTION     E (70)
  AVERAGE WIND SPEED    18.5


SKY COVER
  POSSIBLE SUNSHINE  MM
  AVERAGE SKY COVER 1.0


WEATHER CONDITIONS
 THE FOLLOWING WEATHER WAS RECORDED YESTERDAY.
  HEAVY RAIN
  RAIN
  LIGHT RAIN
  FOG


RELATIVE HUMIDITY (PERCENT)
 HIGHEST   100           800 AM
 LOWEST     89          1200 AM
 AVERAGE    95

..........................................................


THE TOLEDO OH CLIMATE NORMALS FOR TODAY
                         NORMAL    RECORD    YEAR
 MAXIMUM TEMPERATURE (F)   60        85      2002
 MINIMUM TEMPERATURE (F)   39        20      1943


SUNRISE AND SUNSET
APRIL 15 2018.........SUNRISE   655 AM EDT   SUNSET   816 PM EDT
APRIL 16 2018.........SUNRISE   654 AM EDT   SUNSET   817 PM EDT


-  INDICATES NEGATIVE NUMBERS.
R  INDICATES RECORD WAS SET OR TIED.
MM INDICATES DATA IS MISSING.
T  INDICATES TRACE AMOUNT.




$$
