000
CDUS41 KCLE 080529
CLITOL


CLIMATE REPORT
NATIONAL WEATHER SERVICE CLEVELAND OH
128 AM EDT SUN APR 8 2018


...................................

...THE TOLEDO OH CLIMATE SUMMARY FOR APRIL 7 2018...

CLIMATE NORMAL PERIOD 1981 TO 2010
CLIMATE RECORD PERIOD 1873 TO 2018


WEATHER ITEM   OBSERVED TIME   RECORD YEAR NORMAL DEPARTURE LAST
                VALUE   (LST)  VALUE       VALUE  FROM      YEAR
                                                  NORMAL
..................................................................
TEMPERATURE (F)
 YESTERDAY
  MAXIMUM         39    338 PM  83    1991  57    -18       51
  MINIMUM         21    633 AM   8    1982  36    -15       32
  AVERAGE         30                        46    -16       42

PRECIPITATION (IN)
  YESTERDAY        0.00                      0.11  -0.11     0.06
  MONTH TO DATE    0.56                      0.71  -0.15     0.92
  SINCE MAR 1      3.73                      3.19   0.54     4.56
  SINCE JAN 1      8.72                      7.31   1.41    10.33

SNOWFALL (IN)
  YESTERDAY        0.0                       0.1   -0.1      0.4
  MONTH TO DATE    T                         0.6   -0.6      0.7
  SINCE MAR 1      1.9                       6.3   -4.4      5.4
  SINCE JUL 1     32.7                      36.8   -4.1     22.4
  SNOW DEPTH       0

DEGREE DAYS
 HEATING
  YESTERDAY       35                        19     16       23
  MONTH TO DATE  199                       140     59      134
  SINCE MAR 1   1118                       990    128     1006
  SINCE JUL 1   5522                      5566    -44     4851

 COOLING
  YESTERDAY        0                         0      0        0
  MONTH TO DATE    0                         0      0        0
  SINCE MAR 1      0                         0      0        0
  SINCE JAN 1      0                         0      0        0
..................................................................


WIND (MPH)
  HIGHEST WIND SPEED    18   HIGHEST WIND DIRECTION     W (270)
  HIGHEST GUST SPEED    24   HIGHEST GUST DIRECTION     W (280)
  AVERAGE WIND SPEED     8.5


SKY COVER
  POSSIBLE SUNSHINE  MM
  AVERAGE SKY COVER 0.3


WEATHER CONDITIONS
 THE FOLLOWING WEATHER WAS RECORDED YESTERDAY.
  NO SIGNIFICANT WEATHER WAS OBSERVED.


RELATIVE HUMIDITY (PERCENT)
 HIGHEST    88           700 AM
 LOWEST     40           200 PM
 AVERAGE    64

..........................................................


THE TOLEDO OH CLIMATE NORMALS FOR TODAY
                         NORMAL    RECORD    YEAR
 MAXIMUM TEMPERATURE (F)   57        79      2001
 MINIMUM TEMPERATURE (F)   36        10      1982


SUNRISE AND SUNSET
APRIL  8 2018.........SUNRISE   707 AM EDT   SUNSET   808 PM EDT
APRIL  9 2018.........SUNRISE   705 AM EDT   SUNSET   809 PM EDT


-  INDICATES NEGATIVE NUMBERS.
R  INDICATES RECORD WAS SET OR TIED.
MM INDICATES DATA IS MISSING.
T  INDICATES TRACE AMOUNT.




$$
