000
CDUS41 KCLE 052110
CLITOL


CLIMATE REPORT
NATIONAL WEATHER SERVICE CLEVELAND OH
510 PM EDT SAT MAY 5 2018


...................................

...THE TOLEDO OH CLIMATE SUMMARY FOR MAY 5 2018...
VALID TODAY AS OF 0500 PM LOCAL TIME.

CLIMATE NORMAL PERIOD 1981 TO 2010
CLIMATE RECORD PERIOD 1873 TO 2018


WEATHER ITEM   OBSERVED TIME   RECORD YEAR NORMAL DEPARTURE LAST
                VALUE   (LST)  VALUE       VALUE  FROM      YEAR
                                                  NORMAL
..................................................................
TEMPERATURE (F)
 TODAY
  MAXIMUM         77    355 PM  92    1952  68      9       45
  MINIMUM         49    504 AM  29    1974  45      4       42
  AVERAGE         63                        56      7       44

PRECIPITATION (IN)
  TODAY            0.00                      0.11  -0.11     0.91
  MONTH TO DATE    2.39                      0.55   1.84     2.86
  SINCE MAR 1      8.20                      6.22   1.98     9.97
  SINCE JAN 1     13.19                     10.34   2.85    15.74

SNOWFALL (IN)
  TODAY            0.0                       0.0    0.0      0.0
  MONTH TO DATE    0.0                       0.0    0.0      0.0
  SINCE MAR 1      3.5                       7.0   -3.5      5.4
  SINCE JUL 1     34.3                      37.5   -3.2     22.4
  SNOW DEPTH       0

DEGREE DAYS
 HEATING
  TODAY            2                         9     -7       21
  MONTH TO DATE    2                        49    -47       82
  SINCE MAR 1   1571                      1375    196     1292
  SINCE JUL 1   5975                      5951     24     5137

 COOLING
  TODAY            0                         1     -1        0
  MONTH TO DATE   19                         2     17        0
  SINCE MAR 1     19                        10      9        8
  SINCE JAN 1     19                        10      9        8
..................................................................


WIND (MPH)
  HIGHEST WIND SPEED    14   HIGHEST WIND DIRECTION     W (250)
  HIGHEST GUST SPEED    18   HIGHEST GUST DIRECTION    SW (210)


SKY COVER
  POSSIBLE SUNSHINE  MM
  AVERAGE SKY COVER 0.0


WEATHER CONDITIONS
 THE FOLLOWING WEATHER WAS RECORDED TODAY.
  NO SIGNIFICANT WEATHER WAS OBSERVED.


RELATIVE HUMIDITY (PERCENT)
 HIGHEST   100           300 AM
 LOWEST     36           100 PM
 AVERAGE    68

..........................................................


THE TOLEDO OH CLIMATE NORMALS FOR TOMORROW
                         NORMAL    RECORD    YEAR
 MAXIMUM TEMPERATURE (F)   68        90      1949
 MINIMUM TEMPERATURE (F)   45        26      1968


SUNRISE AND SUNSET
MAY  5 2018...........SUNRISE   627 AM EDT   SUNSET   837 PM EDT
MAY  6 2018...........SUNRISE   626 AM EDT   SUNSET   839 PM EDT


-  INDICATES NEGATIVE NUMBERS.
R  INDICATES RECORD WAS SET OR TIED.
MM INDICATES DATA IS MISSING.
T  INDICATES TRACE AMOUNT.




$$
