000
CDUS41 KCLE 130543
CLITOL


CLIMATE REPORT
NATIONAL WEATHER SERVICE CLEVELAND OH
142 AM EDT FRI APR 13 2018


...................................

...THE TOLEDO OH CLIMATE SUMMARY FOR APRIL 12 2018...

CLIMATE NORMAL PERIOD 1981 TO 2010
CLIMATE RECORD PERIOD 1873 TO 2018


WEATHER ITEM   OBSERVED TIME   RECORD YEAR NORMAL DEPARTURE LAST
                VALUE   (LST)  VALUE       VALUE  FROM      YEAR
                                                  NORMAL
..................................................................
TEMPERATURE (F)
 YESTERDAY
  MAXIMUM         75    532 PM  85    1977  59     16       61
  MINIMUM         47    528 AM  17    1976  38      9       36
  AVERAGE         61                        48     13       49

PRECIPITATION (IN)
  YESTERDAY        0.08                      0.11  -0.03     0.00
  MONTH TO DATE    0.69                      1.26  -0.57     1.02
  SINCE MAR 1      3.86                      3.74   0.12     4.66
  SINCE JAN 1      8.85                      7.86   0.99    10.43

SNOWFALL (IN)
  YESTERDAY        0.0                       0.0    0.0      0.0
  MONTH TO DATE    0.7                       0.8   -0.1      0.7
  SINCE MAR 1      2.6                       6.5   -3.9      5.4
  SINCE JUL 1     33.4                      37.0   -3.6     22.4
  SNOW DEPTH       0

DEGREE DAYS
 HEATING
  YESTERDAY        4                        17    -13       16
  MONTH TO DATE  313                       229     84      185
  SINCE MAR 1   1232                      1079    153     1057
  SINCE JUL 1   5636                      5655    -19     4902

 COOLING
  YESTERDAY        0                         0      0        0
  MONTH TO DATE    0                         0      0        2
  SINCE MAR 1      0                         0      0        2
  SINCE JAN 1      0                         0      0        2
..................................................................


WIND (MPH)
  HIGHEST WIND SPEED    35   HIGHEST WIND DIRECTION     W (250)
  HIGHEST GUST SPEED    43   HIGHEST GUST DIRECTION     W (250)
  AVERAGE WIND SPEED    12.6


SKY COVER
  POSSIBLE SUNSHINE  MM
  AVERAGE SKY COVER 0.4


WEATHER CONDITIONS
 THE FOLLOWING WEATHER WAS RECORDED YESTERDAY.
  THUNDERSTORM
  LIGHT RAIN


RELATIVE HUMIDITY (PERCENT)
 HIGHEST    93           500 AM
 LOWEST     38           100 PM
 AVERAGE    66

..........................................................


THE TOLEDO OH CLIMATE NORMALS FOR TODAY
                         NORMAL    RECORD    YEAR
 MAXIMUM TEMPERATURE (F)   59        87      1941
 MINIMUM TEMPERATURE (F)   38        19      1976
                                             1950


SUNRISE AND SUNSET
APRIL 13 2018.........SUNRISE   658 AM EDT   SUNSET   814 PM EDT
APRIL 14 2018.........SUNRISE   657 AM EDT   SUNSET   815 PM EDT


-  INDICATES NEGATIVE NUMBERS.
R  INDICATES RECORD WAS SET OR TIED.
MM INDICATES DATA IS MISSING.
T  INDICATES TRACE AMOUNT.




$$
