000
CDUS41 KCLE 032114
CLITOL


CLIMATE REPORT
NATIONAL WEATHER SERVICE CLEVELAND OH
514 PM EDT THU MAY 3 2018


...................................

...THE TOLEDO OH CLIMATE SUMMARY FOR MAY 3 2018...
VALID TODAY AS OF 0500 PM LOCAL TIME.

CLIMATE NORMAL PERIOD 1981 TO 2010
CLIMATE RECORD PERIOD 1873 TO 2018


WEATHER ITEM   OBSERVED TIME   RECORD YEAR NORMAL DEPARTURE LAST
                VALUE   (LST)  VALUE       VALUE  FROM      YEAR
                                                  NORMAL
..................................................................
TEMPERATURE (F)
 TODAY
  MAXIMUM         76    359 PM  88    2012  67      9       58
  MINIMUM         62    533 AM  28    1970  44     18       38
  AVERAGE         69                        56     13       48

PRECIPITATION (IN)
  TODAY            1.54                      0.12   1.42     0.01
  MONTH TO DATE    2.30                      0.33   1.97     0.21
  SINCE MAR 1      8.11                      6.00   2.11     7.32
  SINCE JAN 1     13.10                     10.12   2.98    13.09

SNOWFALL (IN)
  TODAY            0.0                       0.0    0.0      0.0
  MONTH TO DATE    0.0                       0.0    0.0      0.0
  SINCE MAR 1      3.5                       7.0   -3.5      5.4
  SINCE JUL 1     34.3                      37.5   -3.2     22.4
  SNOW DEPTH       0

DEGREE DAYS
 HEATING
  TODAY            0                        10    -10       17
  MONTH TO DATE    0                        30    -30       43
  SINCE MAR 1   1569                      1356    213     1253
  SINCE JUL 1   5973                      5932     41     5098

 COOLING
  TODAY            4                         0      4        0
  MONTH TO DATE   19                         0     19        0
  SINCE MAR 1     19                         8     11        8
  SINCE JAN 1     19                         8     11        8
..................................................................


WIND (MPH)
  HIGHEST WIND SPEED    28   HIGHEST WIND DIRECTION     W (250)
  HIGHEST GUST SPEED    33   HIGHEST GUST DIRECTION     W (250)


SKY COVER
  POSSIBLE SUNSHINE  MM
  AVERAGE SKY COVER 0.8


WEATHER CONDITIONS
 THE FOLLOWING WEATHER WAS RECORDED TODAY.
  THUNDERSTORM
  HEAVY RAIN
  RAIN
  LIGHT RAIN
  FOG


RELATIVE HUMIDITY (PERCENT)
 HIGHEST   100           200 AM
 LOWEST     69           400 PM
 AVERAGE    85

..........................................................


THE TOLEDO OH CLIMATE NORMALS FOR TOMORROW
                         NORMAL    RECORD    YEAR
 MAXIMUM TEMPERATURE (F)   67        89      1895
 MINIMUM TEMPERATURE (F)   45        25      2005


SUNRISE AND SUNSET
MAY  3 2018...........SUNRISE   629 AM EDT   SUNSET   835 PM EDT
MAY  4 2018...........SUNRISE   628 AM EDT   SUNSET   836 PM EDT


-  INDICATES NEGATIVE NUMBERS.
R  INDICATES RECORD WAS SET OR TIED.
MM INDICATES DATA IS MISSING.
T  INDICATES TRACE AMOUNT.




$$
