745
CDUS41 KCLE 260528
CLITOL


CLIMATE REPORT
NATIONAL WEATHER SERVICE CLEVELAND OH
128 AM EDT THU APR 26 2018


...................................

...THE TOLEDO OH CLIMATE SUMMARY FOR APRIL 25 2018...

CLIMATE NORMAL PERIOD 1981 TO 2010
CLIMATE RECORD PERIOD 1873 TO 2018


WEATHER ITEM   OBSERVED TIME   RECORD YEAR NORMAL DEPARTURE LAST
                VALUE   (LST)  VALUE       VALUE  FROM      YEAR
                                                  NORMAL
..................................................................
TEMPERATURE (F)
 YESTERDAY
  MAXIMUM         64    517 PM  88    1990  64      0       74
  MINIMUM         43   1122 PM  21    1974  42      1       50
  AVERAGE         54                        53      1       62

PRECIPITATION (IN)
  YESTERDAY        0.01                      0.11  -0.10     0.00
  MONTH TO DATE    2.36                      2.67  -0.31     2.29
  SINCE MAR 1      5.53                      5.15   0.38     5.93
  SINCE JAN 1     10.52                      9.27   1.25    11.70

SNOWFALL (IN)
  YESTERDAY        0.0                       0.0    0.0      0.0
  MONTH TO DATE    1.6                       1.2    0.4      0.7
  SINCE MAR 1      3.5                       6.9   -3.4      5.4
  SINCE JUL 1     34.3                      37.4   -3.1     22.4
  SNOW DEPTH       0

DEGREE DAYS
 HEATING
  YESTERDAY       11                        12     -1        3
  MONTH TO DATE  572                       419    153      290
  SINCE MAR 1   1491                      1269    222     1162
  SINCE JUL 1   5895                      5845     50     5007

 COOLING
  YESTERDAY        0                         0      0        0
  MONTH TO DATE    0                         0      0        3
  SINCE MAR 1      0                         0      0        3
  SINCE JAN 1      0                         0      0        3
..................................................................


WIND (MPH)
  HIGHEST WIND SPEED    20   HIGHEST WIND DIRECTION     N (350)
  HIGHEST GUST SPEED    23   HIGHEST GUST DIRECTION     N (340)
  AVERAGE WIND SPEED     9.2


SKY COVER
  POSSIBLE SUNSHINE  MM
  AVERAGE SKY COVER 0.7


WEATHER CONDITIONS
 THE FOLLOWING WEATHER WAS RECORDED YESTERDAY.
  LIGHT RAIN
  FOG


RELATIVE HUMIDITY (PERCENT)
 HIGHEST   100          1200 AM
 LOWEST     36           600 PM
 AVERAGE    68

..........................................................


THE TOLEDO OH CLIMATE NORMALS FOR TODAY
                         NORMAL    RECORD    YEAR
 MAXIMUM TEMPERATURE (F)   64        89      1915
 MINIMUM TEMPERATURE (F)   42        25      1972


SUNRISE AND SUNSET
APRIL 26 2018.........SUNRISE   639 AM EDT   SUNSET   828 PM EDT
APRIL 27 2018.........SUNRISE   637 AM EDT   SUNSET   829 PM EDT


-  INDICATES NEGATIVE NUMBERS.
R  INDICATES RECORD WAS SET OR TIED.
MM INDICATES DATA IS MISSING.
T  INDICATES TRACE AMOUNT.




$$
