000
CDUS41 KCLE 200537
CLITOL


CLIMATE REPORT
NATIONAL WEATHER SERVICE CLEVELAND OH
125 AM EDT SUN MAY 20 2018


...................................

...THE TOLEDO OH CLIMATE SUMMARY FOR MAY 19 2018...

CLIMATE NORMAL PERIOD 1981 TO 2010
CLIMATE RECORD PERIOD 1873 TO 2018


WEATHER ITEM   OBSERVED TIME   RECORD YEAR NORMAL DEPARTURE LAST
                VALUE   (LST)  VALUE       VALUE  FROM      YEAR
                                                  NORMAL
..................................................................
TEMPERATURE (F)
 YESTERDAY
  MAXIMUM         80    150 PM  92    1996  72      8       68
                                      1964
  MINIMUM         57   1244 AM  34    1894  49      8       48
  AVERAGE         69                        61      8       58

PRECIPITATION (IN)
  YESTERDAY        0.06                      0.12  -0.06     0.25
  MONTH TO DATE    4.94                      2.12   2.82     3.48
  SINCE MAR 1     10.75                      7.79   2.96    10.59
  SINCE JAN 1     15.74                     11.91   3.83    16.36

SNOWFALL (IN)
  YESTERDAY        0.0                       0.0    0.0      0.0
  MONTH TO DATE    0.0                       0.1   -0.1      0.0
  SINCE MAR 1      3.5                       7.1   -3.6      5.4
  SINCE JUL 1     34.3                      37.6   -3.3     22.4
  SNOW DEPTH       0

DEGREE DAYS
 HEATING
  YESTERDAY        0                         6     -6        7
  MONTH TO DATE   57                       154    -97      206
  SINCE MAR 1   1626                      1480    146     1416
  SINCE JUL 1   6030                      6056    -26     5261

 COOLING
  YESTERDAY        4                         2      2        0
  MONTH TO DATE   30                        17     13       30
  SINCE MAR 1     30                        25      5       38
  SINCE JAN 1     30                        25      5       38
..................................................................


WIND (MPH)
  HIGHEST WIND SPEED    21   HIGHEST WIND DIRECTION     W (270)
  HIGHEST GUST SPEED    30   HIGHEST GUST DIRECTION     W (280)
  AVERAGE WIND SPEED     8.9


SKY COVER
  POSSIBLE SUNSHINE  MM
  AVERAGE SKY COVER 0.6


WEATHER CONDITIONS
 THE FOLLOWING WEATHER WAS RECORDED YESTERDAY.
  THUNDERSTORM
  LIGHT RAIN
  FOG


RELATIVE HUMIDITY (PERCENT)
 HIGHEST   100           100 AM
 LOWEST     73           700 PM
 AVERAGE    87

..........................................................


THE TOLEDO OH CLIMATE NORMALS FOR TODAY
                         NORMAL    RECORD    YEAR
 MAXIMUM TEMPERATURE (F)   72        92      1962
 MINIMUM TEMPERATURE (F)   50        33      1981


SUNRISE AND SUNSET
MAY 20 2018...........SUNRISE   611 AM EDT   SUNSET   853 PM EDT
MAY 21 2018...........SUNRISE   610 AM EDT   SUNSET   854 PM EDT


-  INDICATES NEGATIVE NUMBERS.
R  INDICATES RECORD WAS SET OR TIED.
MM INDICATES DATA IS MISSING.
T  INDICATES TRACE AMOUNT.




$$
