000
CDUS41 KCLE 180526
CLITOL


CLIMATE REPORT
NATIONAL WEATHER SERVICE CLEVELAND OH
126 AM EDT FRI MAY 18 2018


...................................

...THE TOLEDO OH CLIMATE SUMMARY FOR MAY 17 2018...

CLIMATE NORMAL PERIOD 1981 TO 2010
CLIMATE RECORD PERIOD 1873 TO 2018


WEATHER ITEM   OBSERVED TIME   RECORD YEAR NORMAL DEPARTURE LAST
                VALUE   (LST)  VALUE       VALUE  FROM      YEAR
                                                  NORMAL
..................................................................
TEMPERATURE (F)
 YESTERDAY
  MAXIMUM         82   1231 PM  95    1962  71     11       87
  MINIMUM         51    550 AM  30    1973  49      2       67
  AVERAGE         67                        60      7       77

PRECIPITATION (IN)
  YESTERDAY        0.00                      0.11  -0.11     0.00
  MONTH TO DATE    4.63                      1.88   2.75     3.23
  SINCE MAR 1     10.44                      7.55   2.89    10.34
  SINCE JAN 1     15.43                     11.67   3.76    16.11

SNOWFALL (IN)
  YESTERDAY        0.0                       0.0    0.0      0.0
  MONTH TO DATE    0.0                       0.1   -0.1      0.0
  SINCE MAR 1      3.5                       7.1   -3.6      5.4
  SINCE JUL 1     34.3                      37.6   -3.3     22.4
  SNOW DEPTH       0

DEGREE DAYS
 HEATING
  YESTERDAY        0                         6     -6        0
  MONTH TO DATE   52                       142    -90      199
  SINCE MAR 1   1621                      1468    153     1409
  SINCE JUL 1   6025                      6044    -19     5254

 COOLING
  YESTERDAY        2                         1      1       12
  MONTH TO DATE   26                        14     12       17
  SINCE MAR 1     26                        22      4       25
  SINCE JAN 1     26                        22      4       25
..................................................................


WIND (MPH)
  HIGHEST WIND SPEED    20   HIGHEST WIND DIRECTION    NE (60)
  HIGHEST GUST SPEED    24   HIGHEST GUST DIRECTION    NE (60)
  AVERAGE WIND SPEED     7.9


SKY COVER
  POSSIBLE SUNSHINE  MM
  AVERAGE SKY COVER 0.0


WEATHER CONDITIONS
 THE FOLLOWING WEATHER WAS RECORDED YESTERDAY.
  FOG


RELATIVE HUMIDITY (PERCENT)
 HIGHEST   100           100 AM
 LOWEST     36          1200 PM
 AVERAGE    68

..........................................................


THE TOLEDO OH CLIMATE NORMALS FOR TODAY
                         NORMAL    RECORD    YEAR
 MAXIMUM TEMPERATURE (F)   72        95      1962
 MINIMUM TEMPERATURE (F)   49        30      1973


SUNRISE AND SUNSET
MAY 18 2018...........SUNRISE   613 AM EDT   SUNSET   851 PM EDT
MAY 19 2018...........SUNRISE   612 AM EDT   SUNSET   852 PM EDT


-  INDICATES NEGATIVE NUMBERS.
R  INDICATES RECORD WAS SET OR TIED.
MM INDICATES DATA IS MISSING.
T  INDICATES TRACE AMOUNT.




$$
