870
CDUS41 KCLE 222121
CLITOL


CLIMATE REPORT
NATIONAL WEATHER SERVICE CLEVELAND OH
520 PM EDT TUE MAY 22 2018


...................................

...THE TOLEDO OH CLIMATE SUMMARY FOR MAY 22 2018...
VALID TODAY AS OF 0500 PM LOCAL TIME.

CLIMATE NORMAL PERIOD 1981 TO 2010
CLIMATE RECORD PERIOD 1873 TO 2018


WEATHER ITEM   OBSERVED TIME   RECORD YEAR NORMAL DEPARTURE LAST
                VALUE   (LST)  VALUE       VALUE  FROM      YEAR
                                                  NORMAL
..................................................................
TEMPERATURE (F)
 TODAY
  MAXIMUM         80    359 PM  91    1964  73      7       70
  MINIMUM         54    427 AM  33    2002  50      4       50
                                      1883
  AVERAGE         67                        62      5       60

PRECIPITATION (IN)
  TODAY            T                         0.12  -0.12     0.00
  MONTH TO DATE    5.13                      2.48   2.65     3.92
  SINCE MAR 1     10.94                      8.15   2.79    11.03
  SINCE JAN 1     15.93                     12.27   3.66    16.80

SNOWFALL (IN)
  TODAY            0.0                       0.0    0.0      0.0
  MONTH TO DATE    0.0                       0.1   -0.1      0.0
  SINCE MAR 1      3.5                       7.1   -3.6      5.4
  SINCE JUL 1     34.3                      37.6   -3.3     22.4
  SNOW DEPTH       0

DEGREE DAYS
 HEATING
  TODAY            0                         5     -5        5
  MONTH TO DATE   64                       170   -106      222
  SINCE MAR 1   1633                      1496    137     1432
  SINCE JUL 1   6037                      6072    -35     5277

 COOLING
  TODAY            2                         2      0        0
  MONTH TO DATE   32                        23      9       31
  SINCE MAR 1     32                        31      1       39
  SINCE JAN 1     32                        31      1       39
..................................................................


WIND (MPH)
  HIGHEST WIND SPEED    21   HIGHEST WIND DIRECTION     W (290)
  HIGHEST GUST SPEED    27   HIGHEST GUST DIRECTION     W (280)


SKY COVER
  POSSIBLE SUNSHINE  MM
  AVERAGE SKY COVER 0.8


WEATHER CONDITIONS
 THE FOLLOWING WEATHER WAS RECORDED TODAY.
  FOG
  HAZE


RELATIVE HUMIDITY (PERCENT)
 HIGHEST   100           100 AM
 LOWEST     54           300 PM
 AVERAGE    77

..........................................................


THE TOLEDO OH CLIMATE NORMALS FOR TOMORROW
                         NORMAL    RECORD    YEAR
 MAXIMUM TEMPERATURE (F)   73        91      2007
                                             1964
 MINIMUM TEMPERATURE (F)   51        27      1963


SUNRISE AND SUNSET
MAY 22 2018...........SUNRISE   610 AM EDT   SUNSET   855 PM EDT
MAY 23 2018...........SUNRISE   609 AM EDT   SUNSET   856 PM EDT


-  INDICATES NEGATIVE NUMBERS.
R  INDICATES RECORD WAS SET OR TIED.
MM INDICATES DATA IS MISSING.
T  INDICATES TRACE AMOUNT.




$$
