000
CDUS41 KCLE 130528
CLITOL


CLIMATE REPORT
NATIONAL WEATHER SERVICE CLEVELAND OH
126 AM EDT SUN MAY 13 2018


...................................

...THE TOLEDO OH CLIMATE SUMMARY FOR MAY 12 2018...

CLIMATE NORMAL PERIOD 1981 TO 2010
CLIMATE RECORD PERIOD 1873 TO 2018


WEATHER ITEM   OBSERVED TIME   RECORD YEAR NORMAL DEPARTURE LAST
                VALUE   (LST)  VALUE       VALUE  FROM      YEAR
                                                  NORMAL
..................................................................
TEMPERATURE (F)
 YESTERDAY
  MAXIMUM         53    941 AM  90    1881  70    -17       65
  MINIMUM         47   1213 AM  30    2013  47      0       42
  AVERAGE         50                        58     -8       54

PRECIPITATION (IN)
  YESTERDAY        0.16                      0.11   0.05     0.00
  MONTH TO DATE    2.82                      1.31   1.51     3.23
  SINCE MAR 1      8.63                      6.98   1.65    10.34
  SINCE JAN 1     13.62                     11.10   2.52    16.11

SNOWFALL (IN)
  YESTERDAY        0.0                       0.0    0.0      0.0
  MONTH TO DATE    0.0                       0.1   -0.1      0.0
  SINCE MAR 1      3.5                       7.1   -3.6      5.4
  SINCE JUL 1     34.3                      37.6   -3.3     22.4
  SNOW DEPTH       0

DEGREE DAYS
 HEATING
  YESTERDAY       15                         8      7       11
  MONTH TO DATE   42                       108    -66      183
  SINCE MAR 1   1611                      1434    177     1393
  SINCE JUL 1   6015                      6010      5     5238

 COOLING
  YESTERDAY        0                         1     -1        0
  MONTH TO DATE   23                         9     14        0
  SINCE MAR 1     23                        17      6        8
  SINCE JAN 1     23                        17      6        8
..................................................................


WIND (MPH)
  HIGHEST WIND SPEED    16   HIGHEST WIND DIRECTION    NE (50)
  HIGHEST GUST SPEED    20   HIGHEST GUST DIRECTION    NE (50)
  AVERAGE WIND SPEED     8.2


SKY COVER
  POSSIBLE SUNSHINE  MM
  AVERAGE SKY COVER 0.9


WEATHER CONDITIONS
 THE FOLLOWING WEATHER WAS RECORDED YESTERDAY.
  RAIN
  LIGHT RAIN
  FOG


RELATIVE HUMIDITY (PERCENT)
 HIGHEST   100           900 PM
 LOWEST     86          1200 AM
 AVERAGE    93

..........................................................


THE TOLEDO OH CLIMATE NORMALS FOR TODAY
                         NORMAL    RECORD    YEAR
 MAXIMUM TEMPERATURE (F)   70        89      1991
 MINIMUM TEMPERATURE (F)   48        30      2013
                                             1946


SUNRISE AND SUNSET
MAY 13 2018...........SUNRISE   618 AM EDT   SUNSET   846 PM EDT
MAY 14 2018...........SUNRISE   617 AM EDT   SUNSET   847 PM EDT


-  INDICATES NEGATIVE NUMBERS.
R  INDICATES RECORD WAS SET OR TIED.
MM INDICATES DATA IS MISSING.
T  INDICATES TRACE AMOUNT.




$$
