000
CDUS41 KCLE 080545
CLITOL


CLIMATE REPORT
NATIONAL WEATHER SERVICE CLEVELAND OH
145 AM EDT FRI JUN 8 2018


...................................

...THE TOLEDO OH CLIMATE SUMMARY FOR JUNE 7 2018...

CLIMATE NORMAL PERIOD 1981 TO 2010
CLIMATE RECORD PERIOD 1873 TO 2018


WEATHER ITEM   OBSERVED TIME   RECORD YEAR NORMAL DEPARTURE LAST
                VALUE   (LST)  VALUE       VALUE  FROM      YEAR
                                                  NORMAL
..................................................................
TEMPERATURE (F)
 YESTERDAY
  MAXIMUM         87    538 PM  98    1933  78      9       72
  MINIMUM         59    557 AM  42    1945  56      3       50
                                      1944
                                      1913
  AVERAGE         73                        67      6       61

PRECIPITATION (IN)
  YESTERDAY        0.00                      0.13  -0.13     0.00
  MONTH TO DATE    0.18                      0.86  -0.68      T
  SINCE JUN 1      0.18                      0.86  -0.68      T
  SINCE JAN 1     16.89                     14.23   2.66    17.86

SNOWFALL (IN)
  YESTERDAY        0.0                       0.0    0.0      0.0
  MONTH TO DATE    0.0                       0.0    0.0      0.0
  SINCE JUN 1      0.0                       0.0    0.0      0.0
  SINCE JUL 1     34.3                      37.6   -3.3     22.4
  SNOW DEPTH       0

DEGREE DAYS
 HEATING
  YESTERDAY        0                         2     -2        4
  MONTH TO DATE    4                        18    -14        8
  SINCE JUN 1      4                        18    -14        8
  SINCE JUL 1   6041                      6128    -87     5302

 COOLING
  YESTERDAY        8                         4      4        0
  MONTH TO DATE   29                        25      4       16
  SINCE JUN 1     29                        25      4       16
  SINCE JAN 1    156                        78     78       61
..................................................................


WIND (MPH)
  HIGHEST WIND SPEED    13   HIGHEST WIND DIRECTION     E (70)
  HIGHEST GUST SPEED    16   HIGHEST GUST DIRECTION    SW (240)
  AVERAGE WIND SPEED     5.3


SKY COVER
  POSSIBLE SUNSHINE  MM
  AVERAGE SKY COVER 0.2


WEATHER CONDITIONS
 THE FOLLOWING WEATHER WAS RECORDED YESTERDAY.
  NO SIGNIFICANT WEATHER WAS OBSERVED.


RELATIVE HUMIDITY (PERCENT)
 HIGHEST    87          1100 PM
 LOWEST     42           600 PM
 AVERAGE    65

..........................................................


THE TOLEDO OH CLIMATE NORMALS FOR TODAY
                         NORMAL    RECORD    YEAR
 MAXIMUM TEMPERATURE (F)   79        98      1933
 MINIMUM TEMPERATURE (F)   56        39      1913


SUNRISE AND SUNSET
JUNE  8 2018..........SUNRISE   601 AM EDT   SUNSET   908 PM EDT
JUNE  9 2018..........SUNRISE   601 AM EDT   SUNSET   908 PM EDT


-  INDICATES NEGATIVE NUMBERS.
R  INDICATES RECORD WAS SET OR TIED.
MM INDICATES DATA IS MISSING.
T  INDICATES TRACE AMOUNT.




$$
