000
CDUS41 KCLE 180529
CLITOL


CLIMATE REPORT
NATIONAL WEATHER SERVICE CLEVELAND OH
127 AM EDT WED APR 18 2018


...................................

...THE TOLEDO OH CLIMATE SUMMARY FOR APRIL 17 2018...

CLIMATE NORMAL PERIOD 1981 TO 2010
CLIMATE RECORD PERIOD 1873 TO 2018


WEATHER ITEM   OBSERVED TIME   RECORD YEAR NORMAL DEPARTURE LAST
                VALUE   (LST)  VALUE       VALUE  FROM      YEAR
                                                  NORMAL
..................................................................
TEMPERATURE (F)
 YESTERDAY
  MAXIMUM         36    525 PM  86    2002  61    -25       71
                                      1896
  MINIMUM         29    747 AM  14    1875  39    -10       45
  AVERAGE         33                        50    -17       58

PRECIPITATION (IN)
  YESTERDAY        0.04                      0.11  -0.07      T
  MONTH TO DATE    2.21                      1.80   0.41     1.05
  SINCE MAR 1      5.38                      4.28   1.10     4.69
  SINCE JAN 1     10.37                      8.40   1.97    10.46

SNOWFALL (IN)
  YESTERDAY        0.4                       0.1    0.3      0.0
  MONTH TO DATE    1.2                       1.1    0.1      0.7
  SINCE MAR 1      3.1                       6.8   -3.7      5.4
  SINCE JUL 1     33.9                      37.3   -3.4     22.4
  SNOW DEPTH       T

DEGREE DAYS
 HEATING
  YESTERDAY       32                        15     17        7
  MONTH TO DATE  436                       309    127      219
  SINCE MAR 1   1355                      1159    196     1091
  SINCE JUL 1   5759                      5735     24     4936

 COOLING
  YESTERDAY        0                         0      0        0
  MONTH TO DATE    0                         0      0        3
  SINCE MAR 1      0                         0      0        3
  SINCE JAN 1      0                         0      0        3
..................................................................


WIND (MPH)
  HIGHEST WIND SPEED    26   HIGHEST WIND DIRECTION     W (260)
  HIGHEST GUST SPEED    35   HIGHEST GUST DIRECTION     W (280)
  AVERAGE WIND SPEED    14.5


SKY COVER
  POSSIBLE SUNSHINE  MM
  AVERAGE SKY COVER 1.0


WEATHER CONDITIONS
 THE FOLLOWING WEATHER WAS RECORDED YESTERDAY.
  HEAVY SNOW
  LIGHT SNOW
  FOG
  FOG W/VISIBILITY <= 1/4 MILE


RELATIVE HUMIDITY (PERCENT)
 HIGHEST    92          1200 AM
 LOWEST     64           200 PM
 AVERAGE    78

..........................................................


THE TOLEDO OH CLIMATE NORMALS FOR TODAY
                         NORMAL    RECORD    YEAR
 MAXIMUM TEMPERATURE (F)   61        88      2002
                                             1977
 MINIMUM TEMPERATURE (F)   40        12      1875


SUNRISE AND SUNSET
APRIL 18 2018.........SUNRISE   651 AM EDT   SUNSET   819 PM EDT
APRIL 19 2018.........SUNRISE   649 AM EDT   SUNSET   820 PM EDT


-  INDICATES NEGATIVE NUMBERS.
R  INDICATES RECORD WAS SET OR TIED.
MM INDICATES DATA IS MISSING.
T  INDICATES TRACE AMOUNT.




$$
