000
CDUS41 KCLE 220527
CLITOL


CLIMATE REPORT
NATIONAL WEATHER SERVICE CLEVELAND OH
126 AM EDT SUN APR 22 2018


...................................

...THE TOLEDO OH CLIMATE SUMMARY FOR APRIL 21 2018...

CLIMATE NORMAL PERIOD 1981 TO 2010
CLIMATE RECORD PERIOD 1873 TO 2018


WEATHER ITEM   OBSERVED TIME   RECORD YEAR NORMAL DEPARTURE LAST
                VALUE   (LST)  VALUE       VALUE  FROM      YEAR
                                                  NORMAL
..................................................................
TEMPERATURE (F)
 YESTERDAY
  MAXIMUM         57    439 PM  87    1987  62     -5       55
  MINIMUM         30    603 AM  22    1875  41    -11       45
  AVERAGE         44                        52     -8       50

PRECIPITATION (IN)
  YESTERDAY        0.00                      0.12  -0.12     0.00
  MONTH TO DATE    2.28                      2.25   0.03     2.29
  SINCE MAR 1      5.45                      4.73   0.72     5.93
  SINCE JAN 1     10.44                      8.85   1.59    11.70

SNOWFALL (IN)
  YESTERDAY        0.0                       0.0    0.0      0.0
  MONTH TO DATE    1.6                       1.2    0.4      0.7
  SINCE MAR 1      3.5                       6.9   -3.4      5.4
  SINCE JUL 1     34.3                      37.4   -3.1     22.4
  SNOW DEPTH       0

DEGREE DAYS
 HEATING
  YESTERDAY       21                        14      7       15
  MONTH TO DATE  523                       367    156      244
  SINCE MAR 1   1442                      1217    225     1116
  SINCE JUL 1   5846                      5793     53     4961

 COOLING
  YESTERDAY        0                         0      0        0
  MONTH TO DATE    0                         0      0        3
  SINCE MAR 1      0                         0      0        3
  SINCE JAN 1      0                         0      0        3
..................................................................


WIND (MPH)
  HIGHEST WIND SPEED    10   HIGHEST WIND DIRECTION     E (100)
  HIGHEST GUST SPEED    14   HIGHEST GUST DIRECTION     E (100)
  AVERAGE WIND SPEED     3.4


SKY COVER
  POSSIBLE SUNSHINE  MM
  AVERAGE SKY COVER 0.0


WEATHER CONDITIONS
 THE FOLLOWING WEATHER WAS RECORDED YESTERDAY.
  NO SIGNIFICANT WEATHER WAS OBSERVED.


RELATIVE HUMIDITY (PERCENT)
 HIGHEST    89           700 AM
 LOWEST     26           600 PM
 AVERAGE    58

..........................................................


THE TOLEDO OH CLIMATE NORMALS FOR TODAY
                         NORMAL    RECORD    YEAR
 MAXIMUM TEMPERATURE (F)   63        87      1985
 MINIMUM TEMPERATURE (F)   41        22      1875


SUNRISE AND SUNSET
APRIL 22 2018.........SUNRISE   645 AM EDT   SUNSET   823 PM EDT
APRIL 23 2018.........SUNRISE   643 AM EDT   SUNSET   825 PM EDT


-  INDICATES NEGATIVE NUMBERS.
R  INDICATES RECORD WAS SET OR TIED.
MM INDICATES DATA IS MISSING.
T  INDICATES TRACE AMOUNT.




$$
