000
CDUS41 KCLE 100540
CLITOL


CLIMATE REPORT
NATIONAL WEATHER SERVICE CLEVELAND OH
138 AM EDT THU MAY 10 2018


...................................

...THE TOLEDO OH CLIMATE SUMMARY FOR MAY 9 2018...

CLIMATE NORMAL PERIOD 1981 TO 2010
CLIMATE RECORD PERIOD 1873 TO 2018


WEATHER ITEM   OBSERVED TIME   RECORD YEAR NORMAL DEPARTURE LAST
                VALUE   (LST)  VALUE       VALUE  FROM      YEAR
                                                  NORMAL
..................................................................
TEMPERATURE (F)
 YESTERDAY
  MAXIMUM         83   1257 PM  90    1963  69     14       62
  MINIMUM         48    459 AM  27    1983  46      2       33
  AVERAGE         66                        58      8       48

PRECIPITATION (IN)
  YESTERDAY        0.06                      0.11  -0.05     0.00
  MONTH TO DATE    2.45                      0.98   1.47     2.86
  SINCE MAR 1      8.26                      6.65   1.61     9.97
  SINCE JAN 1     13.25                     10.77   2.48    15.74

SNOWFALL (IN)
  YESTERDAY        0.0                       0.0    0.0      0.0
  MONTH TO DATE    0.0                       0.1   -0.1      0.0
  SINCE MAR 1      3.5                       7.1   -3.6      5.4
  SINCE JUL 1     34.3                      37.6   -3.3     22.4
  SNOW DEPTH       0

DEGREE DAYS
 HEATING
  YESTERDAY        0                         8     -8       17
  MONTH TO DATE   14                        84    -70      151
  SINCE MAR 1   1583                      1410    173     1361
  SINCE JUL 1   5987                      5986      1     5206

 COOLING
  YESTERDAY        1                         1      0        0
  MONTH TO DATE   22                         6     16        0
  SINCE MAR 1     22                        14      8        8
  SINCE JAN 1     22                        14      8        8
..................................................................


WIND (MPH)
  HIGHEST WIND SPEED    28   HIGHEST WIND DIRECTION     W (280)
  HIGHEST GUST SPEED    43   HIGHEST GUST DIRECTION     W (270)
  AVERAGE WIND SPEED     7.8


SKY COVER
  POSSIBLE SUNSHINE  MM
  AVERAGE SKY COVER 0.2


WEATHER CONDITIONS
 THE FOLLOWING WEATHER WAS RECORDED YESTERDAY.
  THUNDERSTORM
  LIGHT RAIN


RELATIVE HUMIDITY (PERCENT)
 HIGHEST    93           600 AM
 LOWEST     34           100 PM
 AVERAGE    64

..........................................................


THE TOLEDO OH CLIMATE NORMALS FOR TODAY
                         NORMAL    RECORD    YEAR
 MAXIMUM TEMPERATURE (F)   69        90      1936
 MINIMUM TEMPERATURE (F)   47        27      1966


SUNRISE AND SUNSET
MAY 10 2018...........SUNRISE   621 AM EDT   SUNSET   843 PM EDT
MAY 11 2018...........SUNRISE   620 AM EDT   SUNSET   844 PM EDT


-  INDICATES NEGATIVE NUMBERS.
R  INDICATES RECORD WAS SET OR TIED.
MM INDICATES DATA IS MISSING.
T  INDICATES TRACE AMOUNT.




$$
