000
CDUS41 KCLE 092121
CLITOL


CLIMATE REPORT
NATIONAL WEATHER SERVICE CLEVELAND OH
520 PM EDT MON APR 9 2018


...................................

...THE TOLEDO OH CLIMATE SUMMARY FOR APRIL 9 2018...
VALID TODAY AS OF 0500 PM LOCAL TIME.

CLIMATE NORMAL PERIOD 1981 TO 2010
CLIMATE RECORD PERIOD 1873 TO 2018


WEATHER ITEM   OBSERVED TIME   RECORD YEAR NORMAL DEPARTURE LAST
                VALUE   (LST)  VALUE       VALUE  FROM      YEAR
                                                  NORMAL
..................................................................
TEMPERATURE (F)
 TODAY
  MAXIMUM         41    148 PM  80    1967  58    -17       75
  MINIMUM         30    659 AM  15    1972  37     -7       45
                                      1957
  AVERAGE         36                        47    -11       60

PRECIPITATION (IN)
  TODAY            T                         0.11  -0.11     0.00
  MONTH TO DATE    0.56                      0.93  -0.37     0.92
  SINCE MAR 1      3.73                      3.41   0.32     4.56
  SINCE JAN 1      8.72                      7.53   1.19    10.33

SNOWFALL (IN)
  TODAY            T                         0.1   -0.1      0.0
  MONTH TO DATE    T                         0.7   -0.7      0.7
  SINCE MAR 1      1.9                       6.4   -4.5      5.4
  SINCE JUL 1     32.7                      36.9   -4.2     22.4
  SNOW DEPTH       0

DEGREE DAYS
 HEATING
  TODAY           29                        18     11        5
  MONTH TO DATE  262                       177     85      159
  SINCE MAR 1   1181                      1027    154     1031
  SINCE JUL 1   5585                      5603    -18     4876

 COOLING
  TODAY            0                         0      0        0
  MONTH TO DATE    0                         0      0        0
  SINCE MAR 1      0                         0      0        0
  SINCE JAN 1      0                         0      0        0
..................................................................


WIND (MPH)
  HIGHEST WIND SPEED    13   HIGHEST WIND DIRECTION    NE (60)
  HIGHEST GUST SPEED    15   HIGHEST GUST DIRECTION     E (70)


SKY COVER
  POSSIBLE SUNSHINE  MM
  AVERAGE SKY COVER 0.9


WEATHER CONDITIONS
 THE FOLLOWING WEATHER WAS RECORDED TODAY.
  LIGHT SNOW
  FOG


RELATIVE HUMIDITY (PERCENT)
 HIGHEST    92           700 AM
 LOWEST     44           100 PM
 AVERAGE    68

..........................................................


THE TOLEDO OH CLIMATE NORMALS FOR TOMORROW
                         NORMAL    RECORD    YEAR
 MAXIMUM TEMPERATURE (F)   58        84      2011
 MINIMUM TEMPERATURE (F)   37        18      1989


SUNRISE AND SUNSET
APRIL  9 2018.........SUNRISE   705 AM EDT   SUNSET   809 PM EDT
APRIL 10 2018.........SUNRISE   703 AM EDT   SUNSET   810 PM EDT


-  INDICATES NEGATIVE NUMBERS.
R  INDICATES RECORD WAS SET OR TIED.
MM INDICATES DATA IS MISSING.
T  INDICATES TRACE AMOUNT.




$$
